{"id":3222,"date":"2021-05-07T09:34:44","date_gmt":"2021-05-07T09:34:44","guid":{"rendered":"https:\/\/ld-wp73.template-help.com\/wordpress\/prod_4441\/v1\/?page_id=3222"},"modified":"2021-12-13T15:14:13","modified_gmt":"2021-12-13T18:14:13","slug":"direito-comercial","status":"publish","type":"page","link":"http:\/\/www.mjadvogados.adv.br\/novo\/areas-de-atuacao\/direito-comercial\/","title":{"rendered":"Direito Comercial"},"content":{"rendered":"\t\t<div data-elementor-type=\"wp-page\" data-elementor-id=\"3222\" class=\"elementor elementor-3222\" data-elementor-settings=\"[]\">\n\t\t\t\t\t\t\t<div class=\"elementor-section-wrap\">\n\t\t\t\t\t\t\t<section class=\"elementor-section elementor-top-section elementor-element elementor-element-b11cd58 elementor-section-boxed elementor-section-height-default elementor-section-height-default\" data-id=\"b11cd58\" data-element_type=\"section\" data-settings=\"{&quot;jet_parallax_layout_list&quot;:[{&quot;jet_parallax_layout_image&quot;:{&quot;url&quot;:&quot;&quot;,&quot;id&quot;:&quot;&quot;},&quot;_id&quot;:&quot;42716f4&quot;,&quot;jet_parallax_layout_image_tablet&quot;:{&quot;url&quot;:&quot;&quot;,&quot;id&quot;:&quot;&quot;},&quot;jet_parallax_layout_image_mobile&quot;:{&quot;url&quot;:&quot;&quot;,&quot;id&quot;:&quot;&quot;},&quot;jet_parallax_layout_speed&quot;:{&quot;unit&quot;:&quot;%&quot;,&quot;size&quot;:50,&quot;sizes&quot;:[]},&quot;jet_parallax_layout_type&quot;:&quot;scroll&quot;,&quot;jet_parallax_layout_direction&quot;:null,&quot;jet_parallax_layout_fx_direction&quot;:null,&quot;jet_parallax_layout_z_index&quot;:&quot;&quot;,&quot;jet_parallax_layout_bg_x&quot;:50,&quot;jet_parallax_layout_bg_x_tablet&quot;:&quot;&quot;,&quot;jet_parallax_layout_bg_x_mobile&quot;:&quot;&quot;,&quot;jet_parallax_layout_bg_y&quot;:50,&quot;jet_parallax_layout_bg_y_tablet&quot;:&quot;&quot;,&quot;jet_parallax_layout_bg_y_mobile&quot;:&quot;&quot;,&quot;jet_parallax_layout_bg_size&quot;:&quot;auto&quot;,&quot;jet_parallax_layout_bg_size_tablet&quot;:&quot;&quot;,&quot;jet_parallax_layout_bg_size_mobile&quot;:&quot;&quot;,&quot;jet_parallax_layout_animation_prop&quot;:&quot;transform&quot;,&quot;jet_parallax_layout_on&quot;:[&quot;desktop&quot;,&quot;tablet&quot;]}]}\">\n\t\t\t\t\t\t<div class=\"elementor-container elementor-column-gap-default\">\n\t\t\t\t\t<div class=\"elementor-column elementor-col-100 elementor-top-column elementor-element elementor-element-2aae73b\" data-id=\"2aae73b\" data-element_type=\"column\">\n\t\t\t<div class=\"elementor-widget-wrap elementor-element-populated\">\n\t\t\t\t\t\t\t\t<div class=\"elementor-element elementor-element-69ba820 elementor-widget elementor-widget-heading\" data-id=\"69ba820\" data-element_type=\"widget\" data-widget_type=\"heading.default\">\n\t\t\t\t<div class=\"elementor-widget-container\">\n\t\t\t<h1 class=\"elementor-heading-title elementor-size-default\">Direito Comercial<\/h1>\t\t<\/div>\n\t\t\t\t<\/div>\n\t\t\t\t<div class=\"elementor-element elementor-element-920da79 elementor-widget elementor-widget-image\" data-id=\"920da79\" data-element_type=\"widget\" data-widget_type=\"image.default\">\n\t\t\t\t<div class=\"elementor-widget-container\">\n\t\t\t\t\t\t\t\t\t\t\t\t\t\t\t<img decoding=\"async\" width=\"2560\" height=\"1706\" src=\"http:\/\/www.mjadvogados.adv.br\/novo\/wp-content\/uploads\/2021\/11\/direito-comercial.jpg\" class=\"attachment-full size-full\" alt=\"\" loading=\"lazy\" srcset=\"http:\/\/www.mjadvogados.adv.br\/novo\/wp-content\/uploads\/2021\/11\/direito-comercial.jpg 2560w, http:\/\/www.mjadvogados.adv.br\/novo\/wp-content\/uploads\/2021\/11\/direito-comercial-300x200.jpg 300w, http:\/\/www.mjadvogados.adv.br\/novo\/wp-content\/uploads\/2021\/11\/direito-comercial-1024x682.jpg 1024w, http:\/\/www.mjadvogados.adv.br\/novo\/wp-content\/uploads\/2021\/11\/direito-comercial-768x512.jpg 768w, http:\/\/www.mjadvogados.adv.br\/novo\/wp-content\/uploads\/2021\/11\/direito-comercial-1536x1024.jpg 1536w, http:\/\/www.mjadvogados.adv.br\/novo\/wp-content\/uploads\/2021\/11\/direito-comercial-2048x1365.jpg 2048w, http:\/\/www.mjadvogados.adv.br\/novo\/wp-content\/uploads\/2021\/11\/direito-comercial-600x400.jpg 600w\" sizes=\"(max-width: 2560px) 100vw, 2560px\" \/>\t\t\t\t\t\t\t\t\t\t\t\t\t\t\t<\/div>\n\t\t\t\t<\/div>\n\t\t\t\t<div class=\"elementor-element elementor-element-55a4ded elementor-drop-cap-yes elementor-drop-cap-view-default elementor-widget elementor-widget-text-editor\" data-id=\"55a4ded\" data-element_type=\"widget\" data-settings=\"{&quot;drop_cap&quot;:&quot;yes&quot;}\" data-widget_type=\"text-editor.default\">\n\t\t\t\t<div class=\"elementor-widget-container\">\n\t\t\t\t\t\t\t<p>O Direito Comercial (ou mercantil) \u00e9 um ramo do direito que se encarrega da regulamenta\u00e7\u00e3o das rela\u00e7\u00f5es vinculadas \u00e0s pessoas, aos atos, aos locais e aos contratos do com\u00e9rcio.<\/p>\t\t\t\t\t\t<\/div>\n\t\t\t\t<\/div>\n\t\t\t\t<div class=\"elementor-element elementor-element-94e521d elementor-widget elementor-widget-text-editor\" data-id=\"94e521d\" data-element_type=\"widget\" data-widget_type=\"text-editor.default\">\n\t\t\t\t<div class=\"elementor-widget-container\">\n\t\t\t\t\t\t\t<p>O Direito Comercial \u00e9 um ramo do direito privado e abarca o conjunto de normas relativas aos comerciantes no exerc\u00edcio da sua profiss\u00e3o. A n\u00edvel geral, pode-se dizer que \u00e9 o ramo do direito que regula o exerc\u00edcio da atividade comercial.<\/p><p>Pode-se fazer a distin\u00e7\u00e3o entre dois crit\u00e9rios dentro do direito comercial. O crit\u00e9rio objetivo \u00e9 aquele que diz respeito aos atos de com\u00e9rcio em si mesmos. Em contrapartida, o crit\u00e9rio subjetivo relaciona-se com a pessoa que desempenha a fun\u00e7\u00e3o de comerciante.<\/p><p>O Direito Comercial n\u00e3o \u00e9 est\u00e1tico, uma vez que se adapta \u00e0s necessidades mut\u00e1veis das empresas, do mercado e da sociedade em geral. Por\u00e9m, s\u00e3o sempre respeitados cinco princ\u00edpios b\u00e1sicos: trata-se de um direito profissional (na medida em que resolve conflitos pr\u00f3prios dos empres\u00e1rios), individualista (faz parte do direito privado e regula rela\u00e7\u00f5es entre particulares), consuetudin\u00e1rio (tem por base os costumes dos comerciantes), progressivo (evolui ao longo do tempo) e internacionalizado (adapta-se ao fen\u00f3meno da globaliza\u00e7\u00e3o).<\/p><blockquote><p class=\"texto_cont\">Por fim, o Direito Comercial visa estruturar a organiza\u00e7\u00e3o empresarial moderna e regular o estatuto jur\u00eddico do empres\u00e1rio, entendendo-se como tal a pessoa que realiza atos de com\u00e9rcio. Por outro lado, os atos de com\u00e9rcio s\u00e3o aqueles que s\u00e3o levados a cabo com a finalidade de obter lucro.<\/p><\/blockquote>\t\t\t\t\t\t<\/div>\n\t\t\t\t<\/div>\n\t\t\t\t\t<\/div>\n\t\t<\/div>\n\t\t\t\t\t\t\t<\/div>\n\t\t<\/section>\n\t\t\t\t\t\t<\/div>\n\t\t\t\t\t<\/div>\n\t\t","protected":false},"excerpt":{"rendered":"<p>Direito Comercial O Direito Comercial (ou mercantil) \u00e9 um ramo do direito que se encarrega da regulamenta\u00e7\u00e3o das rela\u00e7\u00f5es vinculadas \u00e0s pessoas, aos atos, aos locais e aos contratos do com\u00e9rcio. O Direito Comercial \u00e9 um ramo do direito privado e abarca o conjunto de normas relativas aos comerciantes no exerc\u00edcio da sua profiss\u00e3o. A [&hellip;]<\/p>\n","protected":false},"author":1,"featured_media":0,"parent":75,"menu_order":0,"comment_status":"closed","ping_status":"closed","template":"elementor_header_footer","meta":[],"_links":{"self":[{"href":"http:\/\/www.mjadvogados.adv.br\/novo\/wp-json\/wp\/v2\/pages\/3222"}],"collection":[{"href":"http:\/\/www.mjadvogados.adv.br\/novo\/wp-json\/wp\/v2\/pages"}],"about":[{"href":"http:\/\/www.mjadvogados.adv.br\/novo\/wp-json\/wp\/v2\/types\/page"}],"author":[{"embeddable":true,"href":"http:\/\/www.mjadvogados.adv.br\/novo\/wp-json\/wp\/v2\/users\/1"}],"replies":[{"embeddable":true,"href":"http:\/\/www.mjadvogados.adv.br\/novo\/wp-json\/wp\/v2\/comments?post=3222"}],"version-history":[{"count":14,"href":"http:\/\/www.mjadvogados.adv.br\/novo\/wp-json\/wp\/v2\/pages\/3222\/revisions"}],"predecessor-version":[{"id":4158,"href":"http:\/\/www.mjadvogados.adv.br\/novo\/wp-json\/wp\/v2\/pages\/3222\/revisions\/4158"}],"up":[{"embeddable":true,"href":"http:\/\/www.mjadvogados.adv.br\/novo\/wp-json\/wp\/v2\/pages\/75"}],"wp:attachment":[{"href":"http:\/\/www.mjadvogados.adv.br\/novo\/wp-json\/wp\/v2\/media?parent=3222"}],"curies":[{"name":"wp","href":"https:\/\/api.w.org\/{rel}","templated":true}]}}

<div data-elementor-type="wp-page" data-elementor-id="3222" class="elementor elementor-3222" data-elementor-settings="[]">
							<div class="elementor-section-wrap">
							<section class="elementor-section elementor-top-section elementor-element elementor-element-b11cd58 elementor-section-boxed elementor-section-height-default elementor-section-height-default" data-id="b11cd58" data-element_type="section" data-settings="{&quot;jet_parallax_layout_list&quot;:[{&quot;jet_parallax_layout_image&quot;:{&quot;url&quot;:&quot;&quot;,&quot;id&quot;:&quot;&quot;},&quot;_id&quot;:&quot;42716f4&quot;,&quot;jet_parallax_layout_image_tablet&quot;:{&quot;url&quot;:&quot;&quot;,&quot;id&quot;:&quot;&quot;},&quot;jet_parallax_layout_image_mobile&quot;:{&quot;url&quot;:&quot;&quot;,&quot;id&quot;:&quot;&quot;},&quot;jet_parallax_layout_speed&quot;:{&quot;unit&quot;:&quot;%&quot;,&quot;size&quot;:50,&quot;sizes&quot;:[]},&quot;jet_parallax_layout_type&quot;:&quot;scroll&quot;,&quot;jet_parallax_layout_direction&quot;:null,&quot;jet_parallax_layout_fx_direction&quot;:null,&quot;jet_parallax_layout_z_index&quot;:&quot;&quot;,&quot;jet_parallax_layout_bg_x&quot;:50,&quot;jet_parallax_layout_bg_x_tablet&quot;:&quot;&quot;,&quot;jet_parallax_layout_bg_x_mobile&quot;:&quot;&quot;,&quot;jet_parallax_layout_bg_y&quot;:50,&quot;jet_parallax_layout_bg_y_tablet&quot;:&quot;&quot;,&quot;jet_parallax_layout_bg_y_mobile&quot;:&quot;&quot;,&quot;jet_parallax_layout_bg_size&quot;:&quot;auto&quot;,&quot;jet_parallax_layout_bg_size_tablet&quot;:&quot;&quot;,&quot;jet_parallax_layout_bg_size_mobile&quot;:&quot;&quot;,&quot;jet_parallax_layout_animation_prop&quot;:&quot;transform&quot;,&quot;jet_parallax_layout_on&quot;:[&quot;desktop&quot;,&quot;tablet&quot;]}]}">
						<div class="elementor-container elementor-column-gap-default">
					<div class="elementor-column elementor-col-100 elementor-top-column elementor-element elementor-element-2aae73b" data-id="2aae73b" data-element_type="column">
			<div class="elementor-widget-wrap elementor-element-populated">
								<div class="elementor-element elementor-element-69ba820 elementor-widget elementor-widget-heading" data-id="69ba820" data-element_type="widget" data-widget_type="heading.default">
				<div class="elementor-widget-container">
			<h1 class="elementor-heading-title elementor-size-default">Direito Comercial</h1>		</div>
				</div>
				<div class="elementor-element elementor-element-920da79 elementor-widget elementor-widget-image" data-id="920da79" data-element_type="widget" data-widget_type="image.default">
				<div class="elementor-widget-container">
															<img decoding="async" width="2560" height="1706" src="http://www.mjadvogados.adv.br/novo/wp-content/uploads/2021/11/direito-comercial.jpg" class="attachment-full size-full" alt="" loading="lazy" srcset="http://www.mjadvogados.adv.br/novo/wp-content/uploads/2021/11/direito-comercial.jpg 2560w, http://www.mjadvogados.adv.br/novo/wp-content/uploads/2021/11/direito-comercial-300x200.jpg 300w, http://www.mjadvogados.adv.br/novo/wp-content/uploads/2021/11/direito-comercial-1024x682.jpg 1024w, http://www.mjadvogados.adv.br/novo/wp-content/uploads/2021/11/direito-comercial-768x512.jpg 768w, http://www.mjadvogados.adv.br/novo/wp-content/uploads/2021/11/direito-comercial-1536x1024.jpg 1536w, http://www.mjadvogados.adv.br/novo/wp-content/uploads/2021/11/direito-comercial-2048x1365.jpg 2048w, http://www.mjadvogados.adv.br/novo/wp-content/uploads/2021/11/direito-comercial-600x400.jpg 600w" sizes="(max-width: 2560px) 100vw, 2560px" />															</div>
				</div>
				<div class="elementor-element elementor-element-55a4ded elementor-drop-cap-yes elementor-drop-cap-view-default elementor-widget elementor-widget-text-editor" data-id="55a4ded" data-element_type="widget" data-settings="{&quot;drop_cap&quot;:&quot;yes&quot;}" data-widget_type="text-editor.default">
				<div class="elementor-widget-container">
							<p>O Direito Comercial (ou mercantil) é um ramo do direito que se encarrega da regulamentação das relações vinculadas às pessoas, aos atos, aos locais e aos contratos do comércio.</p>						</div>
				</div>
				<div class="elementor-element elementor-element-94e521d elementor-widget elementor-widget-text-editor" data-id="94e521d" data-element_type="widget" data-widget_type="text-editor.default">
				<div class="elementor-widget-container">
							<p>O Direito Comercial é um ramo do direito privado e abarca o conjunto de normas relativas aos comerciantes no exercício da sua profissão. A nível geral, pode-se dizer que é o ramo do direito que regula o exercício da atividade comercial.</p><p>Pode-se fazer a distinção entre dois critérios dentro do direito comercial. O critério objetivo é aquele que diz respeito aos atos de comércio em si mesmos. Em contrapartida, o critério subjetivo relaciona-se com a pessoa que desempenha a função de comerciante.</p><p>O Direito Comercial não é estático, uma vez que se adapta às necessidades mutáveis das empresas, do mercado e da sociedade em geral. Porém, são sempre respeitados cinco princípios básicos: trata-se de um direito profissional (na medida em que resolve conflitos próprios dos empresários), individualista (faz parte do direito privado e regula relações entre particulares), consuetudinário (tem por base os costumes dos comerciantes), progressivo (evolui ao longo do tempo) e internacionalizado (adapta-se ao fenómeno da globalização).</p><blockquote><p class="texto_cont">Por fim, o Direito Comercial visa estruturar a organização empresarial moderna e regular o estatuto jurídico do empresário, entendendo-se como tal a pessoa que realiza atos de comércio. Por outro lado, os atos de comércio são aqueles que são levados a cabo com a finalidade de obter lucro.</p></blockquote>						</div>
				</div>
					</div>
		</div>
							</div>
		</section>
						</div>
					</div>

<p>Direito Comercial O Direito Comercial (ou mercantil) é um ramo do direito que se encarrega da regulamentação das relações vinculadas às pessoas, aos atos, aos locais e aos contratos do comércio. O Direito Comercial é um ramo do direito privado e abarca o conjunto de normas relativas aos comerciantes no exercício da sua profissão. A [&hellip;]</p>
