{"id":3224,"date":"2021-05-07T09:34:54","date_gmt":"2021-05-07T09:34:54","guid":{"rendered":"https:\/\/ld-wp73.template-help.com\/wordpress\/prod_4441\/v1\/?page_id=3224"},"modified":"2021-12-13T15:21:02","modified_gmt":"2021-12-13T18:21:02","slug":"direito-ambiental","status":"publish","type":"page","link":"http:\/\/www.mjadvogados.adv.br\/novo\/areas-de-atuacao\/direito-ambiental\/","title":{"rendered":"Direito Ambiental"},"content":{"rendered":"\t\t<div data-elementor-type=\"wp-page\" data-elementor-id=\"3224\" class=\"elementor elementor-3224\" data-elementor-settings=\"[]\">\n\t\t\t\t\t\t\t<div class=\"elementor-section-wrap\">\n\t\t\t\t\t\t\t<section class=\"elementor-section elementor-top-section elementor-element elementor-element-b11cd58 elementor-section-boxed elementor-section-height-default elementor-section-height-default\" data-id=\"b11cd58\" data-element_type=\"section\" data-settings=\"{&quot;jet_parallax_layout_list&quot;:[{&quot;jet_parallax_layout_image&quot;:{&quot;url&quot;:&quot;&quot;,&quot;id&quot;:&quot;&quot;},&quot;_id&quot;:&quot;42716f4&quot;,&quot;jet_parallax_layout_image_tablet&quot;:{&quot;url&quot;:&quot;&quot;,&quot;id&quot;:&quot;&quot;},&quot;jet_parallax_layout_image_mobile&quot;:{&quot;url&quot;:&quot;&quot;,&quot;id&quot;:&quot;&quot;},&quot;jet_parallax_layout_speed&quot;:{&quot;unit&quot;:&quot;%&quot;,&quot;size&quot;:50,&quot;sizes&quot;:[]},&quot;jet_parallax_layout_type&quot;:&quot;scroll&quot;,&quot;jet_parallax_layout_direction&quot;:null,&quot;jet_parallax_layout_fx_direction&quot;:null,&quot;jet_parallax_layout_z_index&quot;:&quot;&quot;,&quot;jet_parallax_layout_bg_x&quot;:50,&quot;jet_parallax_layout_bg_x_tablet&quot;:&quot;&quot;,&quot;jet_parallax_layout_bg_x_mobile&quot;:&quot;&quot;,&quot;jet_parallax_layout_bg_y&quot;:50,&quot;jet_parallax_layout_bg_y_tablet&quot;:&quot;&quot;,&quot;jet_parallax_layout_bg_y_mobile&quot;:&quot;&quot;,&quot;jet_parallax_layout_bg_size&quot;:&quot;auto&quot;,&quot;jet_parallax_layout_bg_size_tablet&quot;:&quot;&quot;,&quot;jet_parallax_layout_bg_size_mobile&quot;:&quot;&quot;,&quot;jet_parallax_layout_animation_prop&quot;:&quot;transform&quot;,&quot;jet_parallax_layout_on&quot;:[&quot;desktop&quot;,&quot;tablet&quot;]}]}\">\n\t\t\t\t\t\t<div class=\"elementor-container elementor-column-gap-default\">\n\t\t\t\t\t<div class=\"elementor-column elementor-col-100 elementor-top-column elementor-element elementor-element-2aae73b\" data-id=\"2aae73b\" data-element_type=\"column\">\n\t\t\t<div class=\"elementor-widget-wrap elementor-element-populated\">\n\t\t\t\t\t\t\t\t<div class=\"elementor-element elementor-element-69ba820 elementor-widget elementor-widget-heading\" data-id=\"69ba820\" data-element_type=\"widget\" data-widget_type=\"heading.default\">\n\t\t\t\t<div class=\"elementor-widget-container\">\n\t\t\t<h1 class=\"elementor-heading-title elementor-size-default\">Direito Ambiental<\/h1>\t\t<\/div>\n\t\t\t\t<\/div>\n\t\t\t\t<div class=\"elementor-element elementor-element-920da79 elementor-widget elementor-widget-image\" data-id=\"920da79\" data-element_type=\"widget\" data-widget_type=\"image.default\">\n\t\t\t\t<div class=\"elementor-widget-container\">\n\t\t\t\t\t\t\t\t\t\t\t\t\t\t\t<img decoding=\"async\" width=\"1280\" height=\"600\" src=\"http:\/\/www.mjadvogados.adv.br\/novo\/wp-content\/uploads\/2021\/11\/direito-ambiental.jpg\" class=\"attachment-full size-full\" alt=\"\" loading=\"lazy\" srcset=\"http:\/\/www.mjadvogados.adv.br\/novo\/wp-content\/uploads\/2021\/11\/direito-ambiental.jpg 1280w, http:\/\/www.mjadvogados.adv.br\/novo\/wp-content\/uploads\/2021\/11\/direito-ambiental-300x141.jpg 300w, http:\/\/www.mjadvogados.adv.br\/novo\/wp-content\/uploads\/2021\/11\/direito-ambiental-1024x480.jpg 1024w, http:\/\/www.mjadvogados.adv.br\/novo\/wp-content\/uploads\/2021\/11\/direito-ambiental-768x360.jpg 768w, http:\/\/www.mjadvogados.adv.br\/novo\/wp-content\/uploads\/2021\/11\/direito-ambiental-600x281.jpg 600w\" sizes=\"(max-width: 1280px) 100vw, 1280px\" \/>\t\t\t\t\t\t\t\t\t\t\t\t\t\t\t<\/div>\n\t\t\t\t<\/div>\n\t\t\t\t<div class=\"elementor-element elementor-element-55a4ded elementor-drop-cap-yes elementor-drop-cap-view-default elementor-widget elementor-widget-text-editor\" data-id=\"55a4ded\" data-element_type=\"widget\" data-settings=\"{&quot;drop_cap&quot;:&quot;yes&quot;}\" data-widget_type=\"text-editor.default\">\n\t\t\t\t<div class=\"elementor-widget-container\">\n\t\t\t\t\t\t\t<p>O Direito Ambiental \u00e9 um ramo jur\u00eddico constitu\u00eddo por um conjunto de leis, normas e princ\u00edpios que visam a prote\u00e7\u00e3o do meio ambiente como um todo, a preserva\u00e7\u00e3o das esp\u00e9cies e a qualidade de vida.<\/p>\t\t\t\t\t\t<\/div>\n\t\t\t\t<\/div>\n\t\t\t\t<div class=\"elementor-element elementor-element-7c05a38 elementor-widget elementor-widget-text-editor\" data-id=\"7c05a38\" data-element_type=\"widget\" data-widget_type=\"text-editor.default\">\n\t\t\t\t<div class=\"elementor-widget-container\">\n\t\t\t\t\t\t\t<p>As disposi\u00e7\u00f5es e os instrumentos legais de Direito Ambiental tratam de aspectos ecol\u00f3gicos, econ\u00f4micos e sociais, influenciando as rela\u00e7\u00f5es individuais, de governo e de empresas com o ecossistema.<\/p><p>A \u00e1rea de Direito Ambiental n\u00e3o possui um c\u00f3digo ou uma legisla\u00e7\u00e3o \u00fanica no Brasil, da mesma forma que encontramos em outros ramos.<\/p><p>Ao longo dos anos, as leis ambientais foram se desenvolvendo e se aprimorando, sendo que, atualmente, o ordenamento jur\u00eddico brasileiro possui diversas legisla\u00e7\u00f5es esparsas que regulam o tema. Abordaremos as principais delas mais adiante.<\/p><h3><strong>Atua\u00e7\u00e3o do advogado no Direito Ambiental<\/strong><\/h3><p>Com todas as leis que disciplinam a prote\u00e7\u00e3o ambiental, \u00e9 poss\u00edvel perceber a amplitude de atua\u00e7\u00e3o que um advogado ter\u00e1 no Direito Ambiental.<\/p><p>Suas atividades poder\u00e3o ser voltadas para a \u00e1rea consultiva ou contenciosa, abrangendo as esferas civil, administrativa e penal.<\/p><p>Assim sendo, o advogado ambiental poder\u00e1 atuar com:<\/p><ul><li>Contratos, principalmente aqueles que envolvem propriedades rurais e com \u00e1reas de prote\u00e7\u00e3o, a fim de resguardar os interesses ambientais e das partes;<\/li><li>Processos administrativos, quando tiver sido cometida por pessoa f\u00edsica ou jur\u00eddica uma infra\u00e7\u00e3o pun\u00edvel administrativamente por \u00f3rg\u00e3os ambientais;<\/li><li>Processos judiciais, quando envolver a\u00e7\u00f5es civis p\u00fablicas, a\u00e7\u00f5es indenizat\u00f3rias, a\u00e7\u00f5es populares, ou den\u00fancias por crimes ambientais;<\/li><li>Licenciamentos, alvar\u00e1s e cadastros legais, a fim de adequar atividades econ\u00f4micas e propriedades rurais e empresariais \u00e0s leis ambientais;<\/li><li>Consultorias, visando avaliar as atividades empresariais e sua conformidade \u00e0s leis e prote\u00e7\u00f5es ambientais vigentes.<\/li><\/ul><p>Como se pode perceber, s\u00e3o diversas situa\u00e7\u00f5es nas quais pessoas f\u00edsicas e jur\u00eddicas podem vir a necessitar de aux\u00edlio jur\u00eddico, possibilitando, assim, uma vasta atua\u00e7\u00e3o dos advogados na \u00e1rea do Direito Ambiental.<\/p>\t\t\t\t\t\t<\/div>\n\t\t\t\t<\/div>\n\t\t\t\t\t<\/div>\n\t\t<\/div>\n\t\t\t\t\t\t\t<\/div>\n\t\t<\/section>\n\t\t\t\t\t\t<\/div>\n\t\t\t\t\t<\/div>\n\t\t","protected":false},"excerpt":{"rendered":"<p>Direito Ambiental O Direito Ambiental \u00e9 um ramo jur\u00eddico constitu\u00eddo por um conjunto de leis, normas e princ\u00edpios que visam a prote\u00e7\u00e3o do meio ambiente como um todo, a preserva\u00e7\u00e3o das esp\u00e9cies e a qualidade de vida. As disposi\u00e7\u00f5es e os instrumentos legais de Direito Ambiental tratam de aspectos ecol\u00f3gicos, econ\u00f4micos e sociais, influenciando as [&hellip;]<\/p>\n","protected":false},"author":1,"featured_media":0,"parent":75,"menu_order":0,"comment_status":"closed","ping_status":"closed","template":"elementor_header_footer","meta":[],"_links":{"self":[{"href":"http:\/\/www.mjadvogados.adv.br\/novo\/wp-json\/wp\/v2\/pages\/3224"}],"collection":[{"href":"http:\/\/www.mjadvogados.adv.br\/novo\/wp-json\/wp\/v2\/pages"}],"about":[{"href":"http:\/\/www.mjadvogados.adv.br\/novo\/wp-json\/wp\/v2\/types\/page"}],"author":[{"embeddable":true,"href":"http:\/\/www.mjadvogados.adv.br\/novo\/wp-json\/wp\/v2\/users\/1"}],"replies":[{"embeddable":true,"href":"http:\/\/www.mjadvogados.adv.br\/novo\/wp-json\/wp\/v2\/comments?post=3224"}],"version-history":[{"count":11,"href":"http:\/\/www.mjadvogados.adv.br\/novo\/wp-json\/wp\/v2\/pages\/3224\/revisions"}],"predecessor-version":[{"id":4167,"href":"http:\/\/www.mjadvogados.adv.br\/novo\/wp-json\/wp\/v2\/pages\/3224\/revisions\/4167"}],"up":[{"embeddable":true,"href":"http:\/\/www.mjadvogados.adv.br\/novo\/wp-json\/wp\/v2\/pages\/75"}],"wp:attachment":[{"href":"http:\/\/www.mjadvogados.adv.br\/novo\/wp-json\/wp\/v2\/media?parent=3224"}],"curies":[{"name":"wp","href":"https:\/\/api.w.org\/{rel}","templated":true}]}}

<div data-elementor-type="wp-page" data-elementor-id="3224" class="elementor elementor-3224" data-elementor-settings="[]">
							<div class="elementor-section-wrap">
							<section class="elementor-section elementor-top-section elementor-element elementor-element-b11cd58 elementor-section-boxed elementor-section-height-default elementor-section-height-default" data-id="b11cd58" data-element_type="section" data-settings="{&quot;jet_parallax_layout_list&quot;:[{&quot;jet_parallax_layout_image&quot;:{&quot;url&quot;:&quot;&quot;,&quot;id&quot;:&quot;&quot;},&quot;_id&quot;:&quot;42716f4&quot;,&quot;jet_parallax_layout_image_tablet&quot;:{&quot;url&quot;:&quot;&quot;,&quot;id&quot;:&quot;&quot;},&quot;jet_parallax_layout_image_mobile&quot;:{&quot;url&quot;:&quot;&quot;,&quot;id&quot;:&quot;&quot;},&quot;jet_parallax_layout_speed&quot;:{&quot;unit&quot;:&quot;%&quot;,&quot;size&quot;:50,&quot;sizes&quot;:[]},&quot;jet_parallax_layout_type&quot;:&quot;scroll&quot;,&quot;jet_parallax_layout_direction&quot;:null,&quot;jet_parallax_layout_fx_direction&quot;:null,&quot;jet_parallax_layout_z_index&quot;:&quot;&quot;,&quot;jet_parallax_layout_bg_x&quot;:50,&quot;jet_parallax_layout_bg_x_tablet&quot;:&quot;&quot;,&quot;jet_parallax_layout_bg_x_mobile&quot;:&quot;&quot;,&quot;jet_parallax_layout_bg_y&quot;:50,&quot;jet_parallax_layout_bg_y_tablet&quot;:&quot;&quot;,&quot;jet_parallax_layout_bg_y_mobile&quot;:&quot;&quot;,&quot;jet_parallax_layout_bg_size&quot;:&quot;auto&quot;,&quot;jet_parallax_layout_bg_size_tablet&quot;:&quot;&quot;,&quot;jet_parallax_layout_bg_size_mobile&quot;:&quot;&quot;,&quot;jet_parallax_layout_animation_prop&quot;:&quot;transform&quot;,&quot;jet_parallax_layout_on&quot;:[&quot;desktop&quot;,&quot;tablet&quot;]}]}">
						<div class="elementor-container elementor-column-gap-default">
					<div class="elementor-column elementor-col-100 elementor-top-column elementor-element elementor-element-2aae73b" data-id="2aae73b" data-element_type="column">
			<div class="elementor-widget-wrap elementor-element-populated">
								<div class="elementor-element elementor-element-69ba820 elementor-widget elementor-widget-heading" data-id="69ba820" data-element_type="widget" data-widget_type="heading.default">
				<div class="elementor-widget-container">
			<h1 class="elementor-heading-title elementor-size-default">Direito Ambiental</h1>		</div>
				</div>
				<div class="elementor-element elementor-element-920da79 elementor-widget elementor-widget-image" data-id="920da79" data-element_type="widget" data-widget_type="image.default">
				<div class="elementor-widget-container">
															<img decoding="async" width="1280" height="600" src="http://www.mjadvogados.adv.br/novo/wp-content/uploads/2021/11/direito-ambiental.jpg" class="attachment-full size-full" alt="" loading="lazy" srcset="http://www.mjadvogados.adv.br/novo/wp-content/uploads/2021/11/direito-ambiental.jpg 1280w, http://www.mjadvogados.adv.br/novo/wp-content/uploads/2021/11/direito-ambiental-300x141.jpg 300w, http://www.mjadvogados.adv.br/novo/wp-content/uploads/2021/11/direito-ambiental-1024x480.jpg 1024w, http://www.mjadvogados.adv.br/novo/wp-content/uploads/2021/11/direito-ambiental-768x360.jpg 768w, http://www.mjadvogados.adv.br/novo/wp-content/uploads/2021/11/direito-ambiental-600x281.jpg 600w" sizes="(max-width: 1280px) 100vw, 1280px" />															</div>
				</div>
				<div class="elementor-element elementor-element-55a4ded elementor-drop-cap-yes elementor-drop-cap-view-default elementor-widget elementor-widget-text-editor" data-id="55a4ded" data-element_type="widget" data-settings="{&quot;drop_cap&quot;:&quot;yes&quot;}" data-widget_type="text-editor.default">
				<div class="elementor-widget-container">
							<p>O Direito Ambiental é um ramo jurídico constituído por um conjunto de leis, normas e princípios que visam a proteção do meio ambiente como um todo, a preservação das espécies e a qualidade de vida.</p>						</div>
				</div>
				<div class="elementor-element elementor-element-7c05a38 elementor-widget elementor-widget-text-editor" data-id="7c05a38" data-element_type="widget" data-widget_type="text-editor.default">
				<div class="elementor-widget-container">
							<p>As disposições e os instrumentos legais de Direito Ambiental tratam de aspectos ecológicos, econômicos e sociais, influenciando as relações individuais, de governo e de empresas com o ecossistema.</p><p>A área de Direito Ambiental não possui um código ou uma legislação única no Brasil, da mesma forma que encontramos em outros ramos.</p><p>Ao longo dos anos, as leis ambientais foram se desenvolvendo e se aprimorando, sendo que, atualmente, o ordenamento jurídico brasileiro possui diversas legislações esparsas que regulam o tema. Abordaremos as principais delas mais adiante.</p><h3><strong>Atuação do advogado no Direito Ambiental</strong></h3><p>Com todas as leis que disciplinam a proteção ambiental, é possível perceber a amplitude de atuação que um advogado terá no Direito Ambiental.</p><p>Suas atividades poderão ser voltadas para a área consultiva ou contenciosa, abrangendo as esferas civil, administrativa e penal.</p><p>Assim sendo, o advogado ambiental poderá atuar com:</p><ul><li>Contratos, principalmente aqueles que envolvem propriedades rurais e com áreas de proteção, a fim de resguardar os interesses ambientais e das partes;</li><li>Processos administrativos, quando tiver sido cometida por pessoa física ou jurídica uma infração punível administrativamente por órgãos ambientais;</li><li>Processos judiciais, quando envolver ações civis públicas, ações indenizatórias, ações populares, ou denúncias por crimes ambientais;</li><li>Licenciamentos, alvarás e cadastros legais, a fim de adequar atividades econômicas e propriedades rurais e empresariais às leis ambientais;</li><li>Consultorias, visando avaliar as atividades empresariais e sua conformidade às leis e proteções ambientais vigentes.</li></ul><p>Como se pode perceber, são diversas situações nas quais pessoas físicas e jurídicas podem vir a necessitar de auxílio jurídico, possibilitando, assim, uma vasta atuação dos advogados na área do Direito Ambiental.</p>						</div>
				</div>
					</div>
		</div>
							</div>
		</section>
						</div>
					</div>

<p>Direito Ambiental O Direito Ambiental é um ramo jurídico constituído por um conjunto de leis, normas e princípios que visam a proteção do meio ambiente como um todo, a preservação das espécies e a qualidade de vida. As disposições e os instrumentos legais de Direito Ambiental tratam de aspectos ecológicos, econômicos e sociais, influenciando as [&hellip;]</p>
