{"id":3225,"date":"2021-05-07T09:34:58","date_gmt":"2021-05-07T09:34:58","guid":{"rendered":"https:\/\/ld-wp73.template-help.com\/wordpress\/prod_4441\/v1\/?page_id=3225"},"modified":"2021-12-13T15:23:03","modified_gmt":"2021-12-13T18:23:03","slug":"direito-eleitoral","status":"publish","type":"page","link":"http:\/\/www.mjadvogados.adv.br\/novo\/areas-de-atuacao\/direito-eleitoral\/","title":{"rendered":"Direito Eleitoral"},"content":{"rendered":"\t\t<div data-elementor-type=\"wp-page\" data-elementor-id=\"3225\" class=\"elementor elementor-3225\" data-elementor-settings=\"[]\">\n\t\t\t\t\t\t\t<div class=\"elementor-section-wrap\">\n\t\t\t\t\t\t\t<section class=\"elementor-section elementor-top-section elementor-element elementor-element-b11cd58 elementor-section-boxed elementor-section-height-default elementor-section-height-default\" data-id=\"b11cd58\" data-element_type=\"section\" data-settings=\"{&quot;jet_parallax_layout_list&quot;:[{&quot;jet_parallax_layout_image&quot;:{&quot;url&quot;:&quot;&quot;,&quot;id&quot;:&quot;&quot;},&quot;_id&quot;:&quot;42716f4&quot;,&quot;jet_parallax_layout_image_tablet&quot;:{&quot;url&quot;:&quot;&quot;,&quot;id&quot;:&quot;&quot;},&quot;jet_parallax_layout_image_mobile&quot;:{&quot;url&quot;:&quot;&quot;,&quot;id&quot;:&quot;&quot;},&quot;jet_parallax_layout_speed&quot;:{&quot;unit&quot;:&quot;%&quot;,&quot;size&quot;:50,&quot;sizes&quot;:[]},&quot;jet_parallax_layout_type&quot;:&quot;scroll&quot;,&quot;jet_parallax_layout_direction&quot;:null,&quot;jet_parallax_layout_fx_direction&quot;:null,&quot;jet_parallax_layout_z_index&quot;:&quot;&quot;,&quot;jet_parallax_layout_bg_x&quot;:50,&quot;jet_parallax_layout_bg_x_tablet&quot;:&quot;&quot;,&quot;jet_parallax_layout_bg_x_mobile&quot;:&quot;&quot;,&quot;jet_parallax_layout_bg_y&quot;:50,&quot;jet_parallax_layout_bg_y_tablet&quot;:&quot;&quot;,&quot;jet_parallax_layout_bg_y_mobile&quot;:&quot;&quot;,&quot;jet_parallax_layout_bg_size&quot;:&quot;auto&quot;,&quot;jet_parallax_layout_bg_size_tablet&quot;:&quot;&quot;,&quot;jet_parallax_layout_bg_size_mobile&quot;:&quot;&quot;,&quot;jet_parallax_layout_animation_prop&quot;:&quot;transform&quot;,&quot;jet_parallax_layout_on&quot;:[&quot;desktop&quot;,&quot;tablet&quot;]}]}\">\n\t\t\t\t\t\t<div class=\"elementor-container elementor-column-gap-default\">\n\t\t\t\t\t<div class=\"elementor-column elementor-col-100 elementor-top-column elementor-element elementor-element-2aae73b\" data-id=\"2aae73b\" data-element_type=\"column\">\n\t\t\t<div class=\"elementor-widget-wrap elementor-element-populated\">\n\t\t\t\t\t\t\t\t<div class=\"elementor-element elementor-element-69ba820 elementor-widget elementor-widget-heading\" data-id=\"69ba820\" data-element_type=\"widget\" data-widget_type=\"heading.default\">\n\t\t\t\t<div class=\"elementor-widget-container\">\n\t\t\t<h1 class=\"elementor-heading-title elementor-size-default\">Direito Eleitoral<\/h1>\t\t<\/div>\n\t\t\t\t<\/div>\n\t\t\t\t<div class=\"elementor-element elementor-element-920da79 elementor-widget elementor-widget-image\" data-id=\"920da79\" data-element_type=\"widget\" data-widget_type=\"image.default\">\n\t\t\t\t<div class=\"elementor-widget-container\">\n\t\t\t\t\t\t\t\t\t\t\t\t\t\t\t<img decoding=\"async\" width=\"1280\" height=\"720\" src=\"http:\/\/www.mjadvogados.adv.br\/novo\/wp-content\/uploads\/2021\/11\/direito-eleitoral.jpg\" class=\"attachment-full size-full\" alt=\"\" loading=\"lazy\" srcset=\"http:\/\/www.mjadvogados.adv.br\/novo\/wp-content\/uploads\/2021\/11\/direito-eleitoral.jpg 1280w, http:\/\/www.mjadvogados.adv.br\/novo\/wp-content\/uploads\/2021\/11\/direito-eleitoral-300x169.jpg 300w, http:\/\/www.mjadvogados.adv.br\/novo\/wp-content\/uploads\/2021\/11\/direito-eleitoral-1024x576.jpg 1024w, http:\/\/www.mjadvogados.adv.br\/novo\/wp-content\/uploads\/2021\/11\/direito-eleitoral-768x432.jpg 768w, http:\/\/www.mjadvogados.adv.br\/novo\/wp-content\/uploads\/2021\/11\/direito-eleitoral-150x85.jpg 150w, http:\/\/www.mjadvogados.adv.br\/novo\/wp-content\/uploads\/2021\/11\/direito-eleitoral-600x338.jpg 600w\" sizes=\"(max-width: 1280px) 100vw, 1280px\" \/>\t\t\t\t\t\t\t\t\t\t\t\t\t\t\t<\/div>\n\t\t\t\t<\/div>\n\t\t\t\t<div class=\"elementor-element elementor-element-55a4ded elementor-drop-cap-yes elementor-drop-cap-view-default elementor-widget elementor-widget-text-editor\" data-id=\"55a4ded\" data-element_type=\"widget\" data-settings=\"{&quot;drop_cap&quot;:&quot;yes&quot;}\" data-widget_type=\"text-editor.default\">\n\t\t\t\t<div class=\"elementor-widget-container\">\n\t\t\t\t\t\t\t<p>O Direito Eleitoral \u00e9 o ramo do Direito P\u00fablico destinado a estudar o processo de escolha de representantes para a ocupa\u00e7\u00e3o de cargos eletivos, incluindo os sistemas eleitorais e sua legisla\u00e7\u00e3o.<\/p>\t\t\t\t\t\t<\/div>\n\t\t\t\t<\/div>\n\t\t\t\t<div class=\"elementor-element elementor-element-2d56a4b elementor-widget elementor-widget-text-editor\" data-id=\"2d56a4b\" data-element_type=\"widget\" data-widget_type=\"text-editor.default\">\n\t\t\t\t<div class=\"elementor-widget-container\">\n\t\t\t\t\t\t\t<p>O Direito Eleitoral, no Brasil, \u00e9 o ramo aut\u00f4nomo do Direito P\u00fablico encarregado de regulamentar os direitos pol\u00edticos dos cidad\u00e3os e o processo eleitoral. De uma forma mais espec\u00edfica, \u00e9 uma especializa\u00e7\u00e3o do direito constitucional, cujo conjunto sistematizado de normas destina-se a assegurar a organiza\u00e7\u00e3o e o exerc\u00edcio de direitos pol\u00edticos, principalmente os que envolvem votar e ser votado (Art. 1\u00ba do C\u00f3digo Eleitoral &#8211; Lei n\u00ba 4.737\/65).<\/p><blockquote><p>Em outras palavras, o Direito Eleitoral dedica-se ao estudo das normas e procedimentos que organizam e disciplinam o funcionamento do poder de sufr\u00e1gio popular, de modo a que se estabele\u00e7a a precisa equa\u00e7\u00e3o entre a vontade do povo e a atividade governamental.<\/p><\/blockquote><p>A lei eleitoral \u00e9 exclusivamente federal por disposi\u00e7\u00e3o constitucional (Art. 22, I, da CF), n\u00e3o podendo, desta forma, os estados e munic\u00edpios disporem sobre regras de cunho eleitoral, nem mesmo supletivamente.<\/p><p>As Medidas Provis\u00f3rias n\u00e3o podem conter disposi\u00e7\u00f5es com conte\u00fado eleitoral e\/ou partid\u00e1rio (Art. 62, I, \u201ca\u201d, da CF).<\/p><p>Vigora no Direito Eleitoral o Princ\u00edpio da Anualidade da Lei Eleitoral, ou seja, embora entrando em vigor na data de sua publica\u00e7\u00e3o, a lei somente ser\u00e1 aplicada se a elei\u00e7\u00e3o acontecer ap\u00f3s 1 (um) ano da data de sua vig\u00eancia (Art. 16, da CF).<\/p>\t\t\t\t\t\t<\/div>\n\t\t\t\t<\/div>\n\t\t\t\t\t<\/div>\n\t\t<\/div>\n\t\t\t\t\t\t\t<\/div>\n\t\t<\/section>\n\t\t\t\t\t\t<\/div>\n\t\t\t\t\t<\/div>\n\t\t","protected":false},"excerpt":{"rendered":"<p>Direito Eleitoral O Direito Eleitoral \u00e9 o ramo do Direito P\u00fablico destinado a estudar o processo de escolha de representantes para a ocupa\u00e7\u00e3o de cargos eletivos, incluindo os sistemas eleitorais e sua legisla\u00e7\u00e3o. O Direito Eleitoral, no Brasil, \u00e9 o ramo aut\u00f4nomo do Direito P\u00fablico encarregado de regulamentar os direitos pol\u00edticos dos cidad\u00e3os e o [&hellip;]<\/p>\n","protected":false},"author":1,"featured_media":0,"parent":75,"menu_order":0,"comment_status":"closed","ping_status":"closed","template":"elementor_header_footer","meta":[],"_links":{"self":[{"href":"http:\/\/www.mjadvogados.adv.br\/novo\/wp-json\/wp\/v2\/pages\/3225"}],"collection":[{"href":"http:\/\/www.mjadvogados.adv.br\/novo\/wp-json\/wp\/v2\/pages"}],"about":[{"href":"http:\/\/www.mjadvogados.adv.br\/novo\/wp-json\/wp\/v2\/types\/page"}],"author":[{"embeddable":true,"href":"http:\/\/www.mjadvogados.adv.br\/novo\/wp-json\/wp\/v2\/users\/1"}],"replies":[{"embeddable":true,"href":"http:\/\/www.mjadvogados.adv.br\/novo\/wp-json\/wp\/v2\/comments?post=3225"}],"version-history":[{"count":8,"href":"http:\/\/www.mjadvogados.adv.br\/novo\/wp-json\/wp\/v2\/pages\/3225\/revisions"}],"predecessor-version":[{"id":4170,"href":"http:\/\/www.mjadvogados.adv.br\/novo\/wp-json\/wp\/v2\/pages\/3225\/revisions\/4170"}],"up":[{"embeddable":true,"href":"http:\/\/www.mjadvogados.adv.br\/novo\/wp-json\/wp\/v2\/pages\/75"}],"wp:attachment":[{"href":"http:\/\/www.mjadvogados.adv.br\/novo\/wp-json\/wp\/v2\/media?parent=3225"}],"curies":[{"name":"wp","href":"https:\/\/api.w.org\/{rel}","templated":true}]}}

<div data-elementor-type="wp-page" data-elementor-id="3225" class="elementor elementor-3225" data-elementor-settings="[]">
							<div class="elementor-section-wrap">
							<section class="elementor-section elementor-top-section elementor-element elementor-element-b11cd58 elementor-section-boxed elementor-section-height-default elementor-section-height-default" data-id="b11cd58" data-element_type="section" data-settings="{&quot;jet_parallax_layout_list&quot;:[{&quot;jet_parallax_layout_image&quot;:{&quot;url&quot;:&quot;&quot;,&quot;id&quot;:&quot;&quot;},&quot;_id&quot;:&quot;42716f4&quot;,&quot;jet_parallax_layout_image_tablet&quot;:{&quot;url&quot;:&quot;&quot;,&quot;id&quot;:&quot;&quot;},&quot;jet_parallax_layout_image_mobile&quot;:{&quot;url&quot;:&quot;&quot;,&quot;id&quot;:&quot;&quot;},&quot;jet_parallax_layout_speed&quot;:{&quot;unit&quot;:&quot;%&quot;,&quot;size&quot;:50,&quot;sizes&quot;:[]},&quot;jet_parallax_layout_type&quot;:&quot;scroll&quot;,&quot;jet_parallax_layout_direction&quot;:null,&quot;jet_parallax_layout_fx_direction&quot;:null,&quot;jet_parallax_layout_z_index&quot;:&quot;&quot;,&quot;jet_parallax_layout_bg_x&quot;:50,&quot;jet_parallax_layout_bg_x_tablet&quot;:&quot;&quot;,&quot;jet_parallax_layout_bg_x_mobile&quot;:&quot;&quot;,&quot;jet_parallax_layout_bg_y&quot;:50,&quot;jet_parallax_layout_bg_y_tablet&quot;:&quot;&quot;,&quot;jet_parallax_layout_bg_y_mobile&quot;:&quot;&quot;,&quot;jet_parallax_layout_bg_size&quot;:&quot;auto&quot;,&quot;jet_parallax_layout_bg_size_tablet&quot;:&quot;&quot;,&quot;jet_parallax_layout_bg_size_mobile&quot;:&quot;&quot;,&quot;jet_parallax_layout_animation_prop&quot;:&quot;transform&quot;,&quot;jet_parallax_layout_on&quot;:[&quot;desktop&quot;,&quot;tablet&quot;]}]}">
						<div class="elementor-container elementor-column-gap-default">
					<div class="elementor-column elementor-col-100 elementor-top-column elementor-element elementor-element-2aae73b" data-id="2aae73b" data-element_type="column">
			<div class="elementor-widget-wrap elementor-element-populated">
								<div class="elementor-element elementor-element-69ba820 elementor-widget elementor-widget-heading" data-id="69ba820" data-element_type="widget" data-widget_type="heading.default">
				<div class="elementor-widget-container">
			<h1 class="elementor-heading-title elementor-size-default">Direito Eleitoral</h1>		</div>
				</div>
				<div class="elementor-element elementor-element-920da79 elementor-widget elementor-widget-image" data-id="920da79" data-element_type="widget" data-widget_type="image.default">
				<div class="elementor-widget-container">
															<img decoding="async" width="1280" height="720" src="http://www.mjadvogados.adv.br/novo/wp-content/uploads/2021/11/direito-eleitoral.jpg" class="attachment-full size-full" alt="" loading="lazy" srcset="http://www.mjadvogados.adv.br/novo/wp-content/uploads/2021/11/direito-eleitoral.jpg 1280w, http://www.mjadvogados.adv.br/novo/wp-content/uploads/2021/11/direito-eleitoral-300x169.jpg 300w, http://www.mjadvogados.adv.br/novo/wp-content/uploads/2021/11/direito-eleitoral-1024x576.jpg 1024w, http://www.mjadvogados.adv.br/novo/wp-content/uploads/2021/11/direito-eleitoral-768x432.jpg 768w, http://www.mjadvogados.adv.br/novo/wp-content/uploads/2021/11/direito-eleitoral-150x85.jpg 150w, http://www.mjadvogados.adv.br/novo/wp-content/uploads/2021/11/direito-eleitoral-600x338.jpg 600w" sizes="(max-width: 1280px) 100vw, 1280px" />															</div>
				</div>
				<div class="elementor-element elementor-element-55a4ded elementor-drop-cap-yes elementor-drop-cap-view-default elementor-widget elementor-widget-text-editor" data-id="55a4ded" data-element_type="widget" data-settings="{&quot;drop_cap&quot;:&quot;yes&quot;}" data-widget_type="text-editor.default">
				<div class="elementor-widget-container">
							<p>O Direito Eleitoral é o ramo do Direito Público destinado a estudar o processo de escolha de representantes para a ocupação de cargos eletivos, incluindo os sistemas eleitorais e sua legislação.</p>						</div>
				</div>
				<div class="elementor-element elementor-element-2d56a4b elementor-widget elementor-widget-text-editor" data-id="2d56a4b" data-element_type="widget" data-widget_type="text-editor.default">
				<div class="elementor-widget-container">
							<p>O Direito Eleitoral, no Brasil, é o ramo autônomo do Direito Público encarregado de regulamentar os direitos políticos dos cidadãos e o processo eleitoral. De uma forma mais específica, é uma especialização do direito constitucional, cujo conjunto sistematizado de normas destina-se a assegurar a organização e o exercício de direitos políticos, principalmente os que envolvem votar e ser votado (Art. 1º do Código Eleitoral &#8211; Lei nº 4.737/65).</p><blockquote><p>Em outras palavras, o Direito Eleitoral dedica-se ao estudo das normas e procedimentos que organizam e disciplinam o funcionamento do poder de sufrágio popular, de modo a que se estabeleça a precisa equação entre a vontade do povo e a atividade governamental.</p></blockquote><p>A lei eleitoral é exclusivamente federal por disposição constitucional (Art. 22, I, da CF), não podendo, desta forma, os estados e municípios disporem sobre regras de cunho eleitoral, nem mesmo supletivamente.</p><p>As Medidas Provisórias não podem conter disposições com conteúdo eleitoral e/ou partidário (Art. 62, I, “a”, da CF).</p><p>Vigora no Direito Eleitoral o Princípio da Anualidade da Lei Eleitoral, ou seja, embora entrando em vigor na data de sua publicação, a lei somente será aplicada se a eleição acontecer após 1 (um) ano da data de sua vigência (Art. 16, da CF).</p>						</div>
				</div>
					</div>
		</div>
							</div>
		</section>
						</div>
					</div>

<p>Direito Eleitoral O Direito Eleitoral é o ramo do Direito Público destinado a estudar o processo de escolha de representantes para a ocupação de cargos eletivos, incluindo os sistemas eleitorais e sua legislação. O Direito Eleitoral, no Brasil, é o ramo autônomo do Direito Público encarregado de regulamentar os direitos políticos dos cidadãos e o [&hellip;]</p>
