{"id":3226,"date":"2021-05-07T09:35:02","date_gmt":"2021-05-07T09:35:02","guid":{"rendered":"https:\/\/ld-wp73.template-help.com\/wordpress\/prod_4441\/v1\/?page_id=3226"},"modified":"2021-12-13T15:28:16","modified_gmt":"2021-12-13T18:28:16","slug":"direito-do-trabalho","status":"publish","type":"page","link":"http:\/\/www.mjadvogados.adv.br\/novo\/areas-de-atuacao\/direito-do-trabalho\/","title":{"rendered":"Direito do Trabalho"},"content":{"rendered":"\t\t<div data-elementor-type=\"wp-page\" data-elementor-id=\"3226\" class=\"elementor elementor-3226\" data-elementor-settings=\"[]\">\n\t\t\t\t\t\t\t<div class=\"elementor-section-wrap\">\n\t\t\t\t\t\t\t<section class=\"elementor-section elementor-top-section elementor-element elementor-element-b11cd58 elementor-section-boxed elementor-section-height-default elementor-section-height-default\" data-id=\"b11cd58\" data-element_type=\"section\" data-settings=\"{&quot;jet_parallax_layout_list&quot;:[{&quot;jet_parallax_layout_image&quot;:{&quot;url&quot;:&quot;&quot;,&quot;id&quot;:&quot;&quot;},&quot;_id&quot;:&quot;42716f4&quot;,&quot;jet_parallax_layout_image_tablet&quot;:{&quot;url&quot;:&quot;&quot;,&quot;id&quot;:&quot;&quot;},&quot;jet_parallax_layout_image_mobile&quot;:{&quot;url&quot;:&quot;&quot;,&quot;id&quot;:&quot;&quot;},&quot;jet_parallax_layout_speed&quot;:{&quot;unit&quot;:&quot;%&quot;,&quot;size&quot;:50,&quot;sizes&quot;:[]},&quot;jet_parallax_layout_type&quot;:&quot;scroll&quot;,&quot;jet_parallax_layout_direction&quot;:null,&quot;jet_parallax_layout_fx_direction&quot;:null,&quot;jet_parallax_layout_z_index&quot;:&quot;&quot;,&quot;jet_parallax_layout_bg_x&quot;:50,&quot;jet_parallax_layout_bg_x_tablet&quot;:&quot;&quot;,&quot;jet_parallax_layout_bg_x_mobile&quot;:&quot;&quot;,&quot;jet_parallax_layout_bg_y&quot;:50,&quot;jet_parallax_layout_bg_y_tablet&quot;:&quot;&quot;,&quot;jet_parallax_layout_bg_y_mobile&quot;:&quot;&quot;,&quot;jet_parallax_layout_bg_size&quot;:&quot;auto&quot;,&quot;jet_parallax_layout_bg_size_tablet&quot;:&quot;&quot;,&quot;jet_parallax_layout_bg_size_mobile&quot;:&quot;&quot;,&quot;jet_parallax_layout_animation_prop&quot;:&quot;transform&quot;,&quot;jet_parallax_layout_on&quot;:[&quot;desktop&quot;,&quot;tablet&quot;]}]}\">\n\t\t\t\t\t\t<div class=\"elementor-container elementor-column-gap-default\">\n\t\t\t\t\t<div class=\"elementor-column elementor-col-100 elementor-top-column elementor-element elementor-element-2aae73b\" data-id=\"2aae73b\" data-element_type=\"column\">\n\t\t\t<div class=\"elementor-widget-wrap elementor-element-populated\">\n\t\t\t\t\t\t\t\t<div class=\"elementor-element elementor-element-69ba820 elementor-widget elementor-widget-heading\" data-id=\"69ba820\" data-element_type=\"widget\" data-widget_type=\"heading.default\">\n\t\t\t\t<div class=\"elementor-widget-container\">\n\t\t\t<h1 class=\"elementor-heading-title elementor-size-default\">Direito do Trabalho<\/h1>\t\t<\/div>\n\t\t\t\t<\/div>\n\t\t\t\t<div class=\"elementor-element elementor-element-920da79 elementor-widget elementor-widget-image\" data-id=\"920da79\" data-element_type=\"widget\" data-widget_type=\"image.default\">\n\t\t\t\t<div class=\"elementor-widget-container\">\n\t\t\t\t\t\t\t\t\t\t\t\t\t\t\t<img decoding=\"async\" width=\"1200\" height=\"800\" src=\"http:\/\/www.mjadvogados.adv.br\/novo\/wp-content\/uploads\/2021\/11\/direito-trabalho.jpg\" class=\"attachment-full size-full\" alt=\"\" loading=\"lazy\" srcset=\"http:\/\/www.mjadvogados.adv.br\/novo\/wp-content\/uploads\/2021\/11\/direito-trabalho.jpg 1200w, http:\/\/www.mjadvogados.adv.br\/novo\/wp-content\/uploads\/2021\/11\/direito-trabalho-300x200.jpg 300w, http:\/\/www.mjadvogados.adv.br\/novo\/wp-content\/uploads\/2021\/11\/direito-trabalho-1024x683.jpg 1024w, http:\/\/www.mjadvogados.adv.br\/novo\/wp-content\/uploads\/2021\/11\/direito-trabalho-768x512.jpg 768w, http:\/\/www.mjadvogados.adv.br\/novo\/wp-content\/uploads\/2021\/11\/direito-trabalho-600x400.jpg 600w\" sizes=\"(max-width: 1200px) 100vw, 1200px\" \/>\t\t\t\t\t\t\t\t\t\t\t\t\t\t\t<\/div>\n\t\t\t\t<\/div>\n\t\t\t\t<div class=\"elementor-element elementor-element-55a4ded elementor-drop-cap-yes elementor-drop-cap-view-default elementor-widget elementor-widget-text-editor\" data-id=\"55a4ded\" data-element_type=\"widget\" data-settings=\"{&quot;drop_cap&quot;:&quot;yes&quot;}\" data-widget_type=\"text-editor.default\">\n\t\t\t\t<div class=\"elementor-widget-container\">\n\t\t\t\t\t\t\t<p>O Direito do Trabalho, tamb\u00e9m chamado de Direito Trabalhista, \u00e9 um ramo do direito privado que \u00e9 respons\u00e1vel por regular a rela\u00e7\u00e3o jur\u00eddica entre trabalhadores e empregadores, baseado nos princ\u00edpios e leis trabalhistas.<\/p>\t\t\t\t\t\t<\/div>\n\t\t\t\t<\/div>\n\t\t\t\t<div class=\"elementor-element elementor-element-94e521d elementor-widget elementor-widget-text-editor\" data-id=\"94e521d\" data-element_type=\"widget\" data-widget_type=\"text-editor.default\">\n\t\t\t\t<div class=\"elementor-widget-container\">\n\t\t\t\t\t\t\t<p>A&nbsp;Consolida\u00e7\u00e3o das Leis do Trabalho (CLT)&nbsp;e a&nbsp;Constitui\u00e7\u00e3o Federal de 1988&nbsp;regem as normas e regras que estabelecem os crit\u00e9rios m\u00ednimos para que essa rela\u00e7\u00e3o seja harmoniosa e l\u00edcita, preservando os direitos de ambas as partes e a dignidade humana do trabalhador.<\/p>\n<p>O Direito do Trabalho \u00e9 um dos ramos mais importantes do direito privado para a sociedade atual, pois a rela\u00e7\u00e3o do ser humano com o trabalho vai al\u00e9m da necessidade da renda para viver.<\/p>\n<h3><strong>Para que servem as leis do trabalho?<\/strong><\/h3>\n<p>Dentro das rela\u00e7\u00f5es sociais contempor\u00e2neas, a fun\u00e7\u00e3o social de uma pessoa \u00e9 geralmente estabelecida a partir do papel que ela desempenha no seu trabalho.<\/p>\n<p>N\u00e3o \u00e9 incomum, ao conhecer uma pessoa, que se pergunte o nome dela e \u201co que ela faz\/no que ela trabalha\u201d. O trabalho, portanto, n\u00e3o tem apenas o papel de garantir a renda. \u00c9 por meio dele que conhecemos pessoas, estabelecemos relacionamentos e nos enquadramos dentro da sociedade.<\/p>\n<p>Mesmo assim, a rela\u00e7\u00e3o jur\u00eddica do trabalho (num contrato realizado entre duas partes) \u00e9 importante para garantir o sustento do trabalhador e, principalmente, a sua prote\u00e7\u00e3o e seguran\u00e7a, uma vez que essa rela\u00e7\u00e3o \u00e9 desigual, com uma parte menos favorecida do que a outra.<\/p>\n<p>O trabalhador oferece ao empregador suas habilidades, for\u00e7a de trabalho e tempo, enquanto o empregador lhe oferece dinheiro. Essa rela\u00e7\u00e3o contratual para o trabalho, naturalmente desproporcional, precisa ser protegida por leis espec\u00edficas que garantam amparo \u00e0 parte&nbsp;hipossuficiente&nbsp;(o trabalhador).<\/p>\n<blockquote>\n<p>Dessa forma, as leis trabalhistas n\u00e3o s\u00f3 servem para manter uma rela\u00e7\u00e3o jur\u00eddica de trabalho harmoniosa entre trabalhadores e empregadores, mas tamb\u00e9m protege a for\u00e7a de trabalho do pa\u00eds, garantindo direitos (alguns deles&nbsp;potestativos) e prote\u00e7\u00e3o, estabelecendo padr\u00f5es que preservem a&nbsp;dignidade da pessoa humana.<\/p>\n<\/blockquote>\t\t\t\t\t\t<\/div>\n\t\t\t\t<\/div>\n\t\t\t\t\t<\/div>\n\t\t<\/div>\n\t\t\t\t\t\t\t<\/div>\n\t\t<\/section>\n\t\t\t\t\t\t<\/div>\n\t\t\t\t\t<\/div>\n\t\t","protected":false},"excerpt":{"rendered":"<p>Direito do Trabalho O Direito do Trabalho, tamb\u00e9m chamado de Direito Trabalhista, \u00e9 um ramo do direito privado que \u00e9 respons\u00e1vel por regular a rela\u00e7\u00e3o jur\u00eddica entre trabalhadores e empregadores, baseado nos princ\u00edpios e leis trabalhistas. A&nbsp;Consolida\u00e7\u00e3o das Leis do Trabalho (CLT)&nbsp;e a&nbsp;Constitui\u00e7\u00e3o Federal de 1988&nbsp;regem as normas e regras que estabelecem os crit\u00e9rios m\u00ednimos [&hellip;]<\/p>\n","protected":false},"author":1,"featured_media":0,"parent":75,"menu_order":0,"comment_status":"closed","ping_status":"closed","template":"elementor_header_footer","meta":[],"_links":{"self":[{"href":"http:\/\/www.mjadvogados.adv.br\/novo\/wp-json\/wp\/v2\/pages\/3226"}],"collection":[{"href":"http:\/\/www.mjadvogados.adv.br\/novo\/wp-json\/wp\/v2\/pages"}],"about":[{"href":"http:\/\/www.mjadvogados.adv.br\/novo\/wp-json\/wp\/v2\/types\/page"}],"author":[{"embeddable":true,"href":"http:\/\/www.mjadvogados.adv.br\/novo\/wp-json\/wp\/v2\/users\/1"}],"replies":[{"embeddable":true,"href":"http:\/\/www.mjadvogados.adv.br\/novo\/wp-json\/wp\/v2\/comments?post=3226"}],"version-history":[{"count":11,"href":"http:\/\/www.mjadvogados.adv.br\/novo\/wp-json\/wp\/v2\/pages\/3226\/revisions"}],"predecessor-version":[{"id":4176,"href":"http:\/\/www.mjadvogados.adv.br\/novo\/wp-json\/wp\/v2\/pages\/3226\/revisions\/4176"}],"up":[{"embeddable":true,"href":"http:\/\/www.mjadvogados.adv.br\/novo\/wp-json\/wp\/v2\/pages\/75"}],"wp:attachment":[{"href":"http:\/\/www.mjadvogados.adv.br\/novo\/wp-json\/wp\/v2\/media?parent=3226"}],"curies":[{"name":"wp","href":"https:\/\/api.w.org\/{rel}","templated":true}]}}

<div data-elementor-type="wp-page" data-elementor-id="3226" class="elementor elementor-3226" data-elementor-settings="[]">
							<div class="elementor-section-wrap">
							<section class="elementor-section elementor-top-section elementor-element elementor-element-b11cd58 elementor-section-boxed elementor-section-height-default elementor-section-height-default" data-id="b11cd58" data-element_type="section" data-settings="{&quot;jet_parallax_layout_list&quot;:[{&quot;jet_parallax_layout_image&quot;:{&quot;url&quot;:&quot;&quot;,&quot;id&quot;:&quot;&quot;},&quot;_id&quot;:&quot;42716f4&quot;,&quot;jet_parallax_layout_image_tablet&quot;:{&quot;url&quot;:&quot;&quot;,&quot;id&quot;:&quot;&quot;},&quot;jet_parallax_layout_image_mobile&quot;:{&quot;url&quot;:&quot;&quot;,&quot;id&quot;:&quot;&quot;},&quot;jet_parallax_layout_speed&quot;:{&quot;unit&quot;:&quot;%&quot;,&quot;size&quot;:50,&quot;sizes&quot;:[]},&quot;jet_parallax_layout_type&quot;:&quot;scroll&quot;,&quot;jet_parallax_layout_direction&quot;:null,&quot;jet_parallax_layout_fx_direction&quot;:null,&quot;jet_parallax_layout_z_index&quot;:&quot;&quot;,&quot;jet_parallax_layout_bg_x&quot;:50,&quot;jet_parallax_layout_bg_x_tablet&quot;:&quot;&quot;,&quot;jet_parallax_layout_bg_x_mobile&quot;:&quot;&quot;,&quot;jet_parallax_layout_bg_y&quot;:50,&quot;jet_parallax_layout_bg_y_tablet&quot;:&quot;&quot;,&quot;jet_parallax_layout_bg_y_mobile&quot;:&quot;&quot;,&quot;jet_parallax_layout_bg_size&quot;:&quot;auto&quot;,&quot;jet_parallax_layout_bg_size_tablet&quot;:&quot;&quot;,&quot;jet_parallax_layout_bg_size_mobile&quot;:&quot;&quot;,&quot;jet_parallax_layout_animation_prop&quot;:&quot;transform&quot;,&quot;jet_parallax_layout_on&quot;:[&quot;desktop&quot;,&quot;tablet&quot;]}]}">
						<div class="elementor-container elementor-column-gap-default">
					<div class="elementor-column elementor-col-100 elementor-top-column elementor-element elementor-element-2aae73b" data-id="2aae73b" data-element_type="column">
			<div class="elementor-widget-wrap elementor-element-populated">
								<div class="elementor-element elementor-element-69ba820 elementor-widget elementor-widget-heading" data-id="69ba820" data-element_type="widget" data-widget_type="heading.default">
				<div class="elementor-widget-container">
			<h1 class="elementor-heading-title elementor-size-default">Direito do Trabalho</h1>		</div>
				</div>
				<div class="elementor-element elementor-element-920da79 elementor-widget elementor-widget-image" data-id="920da79" data-element_type="widget" data-widget_type="image.default">
				<div class="elementor-widget-container">
															<img decoding="async" width="1200" height="800" src="http://www.mjadvogados.adv.br/novo/wp-content/uploads/2021/11/direito-trabalho.jpg" class="attachment-full size-full" alt="" loading="lazy" srcset="http://www.mjadvogados.adv.br/novo/wp-content/uploads/2021/11/direito-trabalho.jpg 1200w, http://www.mjadvogados.adv.br/novo/wp-content/uploads/2021/11/direito-trabalho-300x200.jpg 300w, http://www.mjadvogados.adv.br/novo/wp-content/uploads/2021/11/direito-trabalho-1024x683.jpg 1024w, http://www.mjadvogados.adv.br/novo/wp-content/uploads/2021/11/direito-trabalho-768x512.jpg 768w, http://www.mjadvogados.adv.br/novo/wp-content/uploads/2021/11/direito-trabalho-600x400.jpg 600w" sizes="(max-width: 1200px) 100vw, 1200px" />															</div>
				</div>
				<div class="elementor-element elementor-element-55a4ded elementor-drop-cap-yes elementor-drop-cap-view-default elementor-widget elementor-widget-text-editor" data-id="55a4ded" data-element_type="widget" data-settings="{&quot;drop_cap&quot;:&quot;yes&quot;}" data-widget_type="text-editor.default">
				<div class="elementor-widget-container">
							<p>O Direito do Trabalho, também chamado de Direito Trabalhista, é um ramo do direito privado que é responsável por regular a relação jurídica entre trabalhadores e empregadores, baseado nos princípios e leis trabalhistas.</p>						</div>
				</div>
				<div class="elementor-element elementor-element-94e521d elementor-widget elementor-widget-text-editor" data-id="94e521d" data-element_type="widget" data-widget_type="text-editor.default">
				<div class="elementor-widget-container">
							<p>A&nbsp;Consolidação das Leis do Trabalho (CLT)&nbsp;e a&nbsp;Constituição Federal de 1988&nbsp;regem as normas e regras que estabelecem os critérios mínimos para que essa relação seja harmoniosa e lícita, preservando os direitos de ambas as partes e a dignidade humana do trabalhador.</p>
<p>O Direito do Trabalho é um dos ramos mais importantes do direito privado para a sociedade atual, pois a relação do ser humano com o trabalho vai além da necessidade da renda para viver.</p>
<h3><strong>Para que servem as leis do trabalho?</strong></h3>
<p>Dentro das relações sociais contemporâneas, a função social de uma pessoa é geralmente estabelecida a partir do papel que ela desempenha no seu trabalho.</p>
<p>Não é incomum, ao conhecer uma pessoa, que se pergunte o nome dela e “o que ela faz/no que ela trabalha”. O trabalho, portanto, não tem apenas o papel de garantir a renda. É por meio dele que conhecemos pessoas, estabelecemos relacionamentos e nos enquadramos dentro da sociedade.</p>
<p>Mesmo assim, a relação jurídica do trabalho (num contrato realizado entre duas partes) é importante para garantir o sustento do trabalhador e, principalmente, a sua proteção e segurança, uma vez que essa relação é desigual, com uma parte menos favorecida do que a outra.</p>
<p>O trabalhador oferece ao empregador suas habilidades, força de trabalho e tempo, enquanto o empregador lhe oferece dinheiro. Essa relação contratual para o trabalho, naturalmente desproporcional, precisa ser protegida por leis específicas que garantam amparo à parte&nbsp;hipossuficiente&nbsp;(o trabalhador).</p>
<blockquote>
<p>Dessa forma, as leis trabalhistas não só servem para manter uma relação jurídica de trabalho harmoniosa entre trabalhadores e empregadores, mas também protege a força de trabalho do país, garantindo direitos (alguns deles&nbsp;potestativos) e proteção, estabelecendo padrões que preservem a&nbsp;dignidade da pessoa humana.</p>
</blockquote>						</div>
				</div>
					</div>
		</div>
							</div>
		</section>
						</div>
					</div>

<p>Direito do Trabalho O Direito do Trabalho, também chamado de Direito Trabalhista, é um ramo do direito privado que é responsável por regular a relação jurídica entre trabalhadores e empregadores, baseado nos princípios e leis trabalhistas. A&nbsp;Consolidação das Leis do Trabalho (CLT)&nbsp;e a&nbsp;Constituição Federal de 1988&nbsp;regem as normas e regras que estabelecem os critérios mínimos [&hellip;]</p>
