{"id":3390,"date":"2021-11-29T19:06:18","date_gmt":"2021-11-29T22:06:18","guid":{"rendered":"http:\/\/www.mjadvogados.adv.br\/novo\/?page_id=3390"},"modified":"2021-12-01T09:42:26","modified_gmt":"2021-12-01T12:42:26","slug":"poupanca","status":"publish","type":"page","link":"http:\/\/www.mjadvogados.adv.br\/novo\/poupanca\/","title":{"rendered":"Poupan\u00e7a"},"content":{"rendered":"\t\t<div data-elementor-type=\"wp-page\" data-elementor-id=\"3390\" class=\"elementor elementor-3390\" data-elementor-settings=\"[]\">\n\t\t\t\t\t\t\t<div class=\"elementor-section-wrap\">\n\t\t\t\t\t\t\t<section class=\"elementor-section elementor-top-section elementor-element elementor-element-6f5634b elementor-section-boxed elementor-section-height-default elementor-section-height-default\" data-id=\"6f5634b\" data-element_type=\"section\" data-settings=\"{&quot;jet_parallax_layout_list&quot;:[{&quot;jet_parallax_layout_image&quot;:{&quot;url&quot;:&quot;&quot;,&quot;id&quot;:&quot;&quot;},&quot;_id&quot;:&quot;57ae717&quot;,&quot;jet_parallax_layout_image_tablet&quot;:{&quot;url&quot;:&quot;&quot;,&quot;id&quot;:&quot;&quot;},&quot;jet_parallax_layout_image_mobile&quot;:{&quot;url&quot;:&quot;&quot;,&quot;id&quot;:&quot;&quot;},&quot;jet_parallax_layout_speed&quot;:{&quot;unit&quot;:&quot;%&quot;,&quot;size&quot;:50,&quot;sizes&quot;:[]},&quot;jet_parallax_layout_type&quot;:&quot;scroll&quot;,&quot;jet_parallax_layout_direction&quot;:null,&quot;jet_parallax_layout_fx_direction&quot;:null,&quot;jet_parallax_layout_z_index&quot;:&quot;&quot;,&quot;jet_parallax_layout_bg_x&quot;:50,&quot;jet_parallax_layout_bg_x_tablet&quot;:&quot;&quot;,&quot;jet_parallax_layout_bg_x_mobile&quot;:&quot;&quot;,&quot;jet_parallax_layout_bg_y&quot;:50,&quot;jet_parallax_layout_bg_y_tablet&quot;:&quot;&quot;,&quot;jet_parallax_layout_bg_y_mobile&quot;:&quot;&quot;,&quot;jet_parallax_layout_bg_size&quot;:&quot;auto&quot;,&quot;jet_parallax_layout_bg_size_tablet&quot;:&quot;&quot;,&quot;jet_parallax_layout_bg_size_mobile&quot;:&quot;&quot;,&quot;jet_parallax_layout_animation_prop&quot;:&quot;transform&quot;,&quot;jet_parallax_layout_on&quot;:[&quot;desktop&quot;,&quot;tablet&quot;]}]}\">\n\t\t\t\t\t\t<div class=\"elementor-container elementor-column-gap-default\">\n\t\t\t\t\t<div class=\"elementor-column elementor-col-100 elementor-top-column elementor-element elementor-element-590e24c\" data-id=\"590e24c\" data-element_type=\"column\">\n\t\t\t<div class=\"elementor-widget-wrap elementor-element-populated\">\n\t\t\t\t\t\t\t\t<div class=\"elementor-element elementor-element-13cda1c elementor-widget elementor-widget-image\" data-id=\"13cda1c\" data-element_type=\"widget\" data-widget_type=\"image.default\">\n\t\t\t\t<div class=\"elementor-widget-container\">\n\t\t\t\t\t\t\t\t\t\t\t\t\t\t\t<img decoding=\"async\" width=\"1024\" height=\"684\" src=\"http:\/\/www.mjadvogados.adv.br\/novo\/wp-content\/uploads\/2021\/11\/imagem-poupanca-1024x684.jpg\" class=\"attachment-large size-large\" alt=\"\" loading=\"lazy\" srcset=\"http:\/\/www.mjadvogados.adv.br\/novo\/wp-content\/uploads\/2021\/11\/imagem-poupanca-1024x684.jpg 1024w, http:\/\/www.mjadvogados.adv.br\/novo\/wp-content\/uploads\/2021\/11\/imagem-poupanca-300x200.jpg 300w, http:\/\/www.mjadvogados.adv.br\/novo\/wp-content\/uploads\/2021\/11\/imagem-poupanca-768x513.jpg 768w, http:\/\/www.mjadvogados.adv.br\/novo\/wp-content\/uploads\/2021\/11\/imagem-poupanca-600x401.jpg 600w, http:\/\/www.mjadvogados.adv.br\/novo\/wp-content\/uploads\/2021\/11\/imagem-poupanca.jpg 1280w\" sizes=\"(max-width: 1024px) 100vw, 1024px\" \/>\t\t\t\t\t\t\t\t\t\t\t\t\t\t\t<\/div>\n\t\t\t\t<\/div>\n\t\t\t\t<div class=\"elementor-element elementor-element-d15ee39 elementor-view-default elementor-widget elementor-widget-icon\" data-id=\"d15ee39\" data-element_type=\"widget\" data-widget_type=\"icon.default\">\n\t\t\t\t<div class=\"elementor-widget-container\">\n\t\t\t\t\t<div class=\"elementor-icon-wrapper\">\n\t\t\t<div class=\"elementor-icon\">\n\t\t\t<svg xmlns=\"http:\/\/www.w3.org\/2000\/svg\" width=\"36\" height=\"36\" viewBox=\"0 0 36 36\" fill=\"#CCA776\"><path d=\"M0 17H36V19H0V17Z\"><\/path><\/svg>\t\t\t<\/div>\n\t\t<\/div>\n\t\t\t\t<\/div>\n\t\t\t\t<\/div>\n\t\t\t\t<div class=\"elementor-element elementor-element-75bd3ef elementor-widget elementor-widget-text-editor\" data-id=\"75bd3ef\" data-element_type=\"widget\" data-widget_type=\"text-editor.default\">\n\t\t\t\t<div class=\"elementor-widget-container\">\n\t\t\t\t\t\t\t<hr \/><p>1 &#8211;<strong>\u00a0<a href=\"http:\/\/www.mjadvogados.adv.br\/pdf\/CARTA%20POUPANCA%20-%20REVISAO.pdf\" target=\"_blank\" rel=\"noopener\">Carta Explicativa referente aos planos Collor I e II<\/a><\/strong><\/p><p>2 &#8211;\u00a0<strong><a href=\"http:\/\/www.mjadvogados.adv.br\/pdf\/OFICIO%20PARA%20RETIRAR%20EXTRATO.pdf\" target=\"_blank\" rel=\"noopener\">Modelo de<\/a><a href=\"http:\/\/www.mjadvogados.adv.br\/pdf\/OFICIO%20PARA%20RETIRAR%20EXTRATO.pdf\" target=\"_blank\" rel=\"noopener\"> oficio<\/a><\/strong><\/p><p>3 &#8211;\u00a0<strong><a href=\"http:\/\/www.mjadvogados.adv.br\/novo\/duvidas-frequentes\/\">D\u00favidas frequentes<\/a><\/strong><\/p><p>Clique nos links acima para baixar. \u00c9 necess\u00e1rio plug-in Adobe Acrobat. Se n\u00e3o possuir\u00a0<a href=\"http:\/\/get.adobe.com\/br\/reader\/\" target=\"_blank\" rel=\"noopener\"><strong>clique aqui<\/strong><\/a>.<\/p>\t\t\t\t\t\t<\/div>\n\t\t\t\t<\/div>\n\t\t\t\t\t<\/div>\n\t\t<\/div>\n\t\t\t\t\t\t\t<\/div>\n\t\t<\/section>\n\t\t\t\t\t\t<\/div>\n\t\t\t\t\t<\/div>\n\t\t","protected":false},"excerpt":{"rendered":"<p>1 &#8211;\u00a0Carta Explicativa referente aos planos Collor I e II 2 &#8211;\u00a0Modelo de oficio 3 &#8211;\u00a0D\u00favidas frequentes Clique nos links acima para baixar. \u00c9 necess\u00e1rio plug-in Adobe Acrobat. Se n\u00e3o possuir\u00a0clique aqui.<\/p>\n","protected":false},"author":1,"featured_media":0,"parent":0,"menu_order":0,"comment_status":"closed","ping_status":"closed","template":"","meta":[],"_links":{"self":[{"href":"http:\/\/www.mjadvogados.adv.br\/novo\/wp-json\/wp\/v2\/pages\/3390"}],"collection":[{"href":"http:\/\/www.mjadvogados.adv.br\/novo\/wp-json\/wp\/v2\/pages"}],"about":[{"href":"http:\/\/www.mjadvogados.adv.br\/novo\/wp-json\/wp\/v2\/types\/page"}],"author":[{"embeddable":true,"href":"http:\/\/www.mjadvogados.adv.br\/novo\/wp-json\/wp\/v2\/users\/1"}],"replies":[{"embeddable":true,"href":"http:\/\/www.mjadvogados.adv.br\/novo\/wp-json\/wp\/v2\/comments?post=3390"}],"version-history":[{"count":16,"href":"http:\/\/www.mjadvogados.adv.br\/novo\/wp-json\/wp\/v2\/pages\/3390\/revisions"}],"predecessor-version":[{"id":3705,"href":"http:\/\/www.mjadvogados.adv.br\/novo\/wp-json\/wp\/v2\/pages\/3390\/revisions\/3705"}],"wp:attachment":[{"href":"http:\/\/www.mjadvogados.adv.br\/novo\/wp-json\/wp\/v2\/media?parent=3390"}],"curies":[{"name":"wp","href":"https:\/\/api.w.org\/{rel}","templated":true}]}}