{"id":71,"date":"2021-04-15T11:57:19","date_gmt":"2021-04-15T11:57:19","guid":{"rendered":"https:\/\/ld-wp73.template-help.com\/wordpress\/prod_4441\/v1\/?page_id=71"},"modified":"2021-12-01T11:09:27","modified_gmt":"2021-12-01T14:09:27","slug":"sobre-nos","status":"publish","type":"page","link":"http:\/\/www.mjadvogados.adv.br\/novo\/sobre-nos\/","title":{"rendered":"Sobre N\u00f3s"},"content":{"rendered":"\t\t<div data-elementor-type=\"wp-page\" data-elementor-id=\"71\" class=\"elementor elementor-71\" data-elementor-settings=\"[]\">\n\t\t\t\t\t\t\t<div class=\"elementor-section-wrap\">\n\t\t\t\t\t\t\t<section class=\"elementor-section elementor-top-section elementor-element elementor-element-4a4e260 elementor-section-full_width elementor-section-height-min-height elementor-section-height-default elementor-section-items-middle\" data-id=\"4a4e260\" data-element_type=\"section\" data-settings=\"{&quot;jet_parallax_layout_list&quot;:[{&quot;jet_parallax_layout_image&quot;:{&quot;url&quot;:&quot;&quot;,&quot;id&quot;:&quot;&quot;},&quot;_id&quot;:&quot;54a0228&quot;,&quot;jet_parallax_layout_image_tablet&quot;:{&quot;url&quot;:&quot;&quot;,&quot;id&quot;:&quot;&quot;},&quot;jet_parallax_layout_image_mobile&quot;:{&quot;url&quot;:&quot;&quot;,&quot;id&quot;:&quot;&quot;},&quot;jet_parallax_layout_speed&quot;:{&quot;unit&quot;:&quot;%&quot;,&quot;size&quot;:50,&quot;sizes&quot;:[]},&quot;jet_parallax_layout_type&quot;:&quot;scroll&quot;,&quot;jet_parallax_layout_direction&quot;:null,&quot;jet_parallax_layout_fx_direction&quot;:null,&quot;jet_parallax_layout_z_index&quot;:&quot;&quot;,&quot;jet_parallax_layout_bg_x&quot;:50,&quot;jet_parallax_layout_bg_x_tablet&quot;:&quot;&quot;,&quot;jet_parallax_layout_bg_x_mobile&quot;:&quot;&quot;,&quot;jet_parallax_layout_bg_y&quot;:50,&quot;jet_parallax_layout_bg_y_tablet&quot;:&quot;&quot;,&quot;jet_parallax_layout_bg_y_mobile&quot;:&quot;&quot;,&quot;jet_parallax_layout_bg_size&quot;:&quot;auto&quot;,&quot;jet_parallax_layout_bg_size_tablet&quot;:&quot;&quot;,&quot;jet_parallax_layout_bg_size_mobile&quot;:&quot;&quot;,&quot;jet_parallax_layout_animation_prop&quot;:&quot;transform&quot;,&quot;jet_parallax_layout_on&quot;:[&quot;desktop&quot;,&quot;tablet&quot;]}],&quot;background_background&quot;:&quot;slideshow&quot;,&quot;background_slideshow_gallery&quot;:[{&quot;id&quot;:490,&quot;url&quot;:&quot;https:\\\/\\\/ld-wp73.template-help.com\\\/wordpress\\\/prod_4441\\\/v1\\\/wp-content\\\/uploads\\\/2021\\\/04\\\/about_us_bg_01.png&quot;}],&quot;background_slideshow_loop&quot;:&quot;yes&quot;,&quot;background_slideshow_slide_duration&quot;:5000,&quot;background_slideshow_slide_transition&quot;:&quot;fade&quot;,&quot;background_slideshow_transition_duration&quot;:500}\">\n\t\t\t\t\t\t<div class=\"elementor-container elementor-column-gap-default\">\n\t\t\t\t\t<div class=\"elementor-column elementor-col-100 elementor-top-column elementor-element elementor-element-bb39aeb\" data-id=\"bb39aeb\" data-element_type=\"column\">\n\t\t\t<div class=\"elementor-widget-wrap elementor-element-populated\">\n\t\t\t\t\t\t\t\t<div class=\"elementor-element elementor-element-f004e40 elementor-view-default elementor-widget elementor-widget-icon\" data-id=\"f004e40\" data-element_type=\"widget\" data-widget_type=\"icon.default\">\n\t\t\t\t<div class=\"elementor-widget-container\">\n\t\t\t\t\t<div class=\"elementor-icon-wrapper\">\n\t\t\t<div class=\"elementor-icon\">\n\t\t\t<svg xmlns=\"http:\/\/www.w3.org\/2000\/svg\" width=\"36\" height=\"36\" viewBox=\"0 0 36 36\" fill=\"#CCA776\"><path d=\"M0 17H36V19H0V17Z\"><\/path><\/svg>\t\t\t<\/div>\n\t\t<\/div>\n\t\t\t\t<\/div>\n\t\t\t\t<\/div>\n\t\t\t\t<div class=\"elementor-element elementor-element-0497489 elementor-widget elementor-widget-heading\" data-id=\"0497489\" data-element_type=\"widget\" data-widget_type=\"heading.default\">\n\t\t\t\t<div class=\"elementor-widget-container\">\n\t\t\t<h1 class=\"elementor-heading-title elementor-size-default\">Sobre N\u00f3s<\/h1>\t\t<\/div>\n\t\t\t\t<\/div>\n\t\t\t\t\t<\/div>\n\t\t<\/div>\n\t\t\t\t\t\t\t<\/div>\n\t\t<\/section>\n\t\t\t\t<section class=\"elementor-section elementor-top-section elementor-element elementor-element-a27f619 elementor-section-boxed elementor-section-height-default elementor-section-height-default\" data-id=\"a27f619\" data-element_type=\"section\" data-settings=\"{&quot;jet_parallax_layout_list&quot;:[{&quot;jet_parallax_layout_image&quot;:{&quot;url&quot;:&quot;&quot;,&quot;id&quot;:&quot;&quot;},&quot;_id&quot;:&quot;e426d16&quot;,&quot;jet_parallax_layout_image_tablet&quot;:{&quot;url&quot;:&quot;&quot;,&quot;id&quot;:&quot;&quot;},&quot;jet_parallax_layout_image_mobile&quot;:{&quot;url&quot;:&quot;&quot;,&quot;id&quot;:&quot;&quot;},&quot;jet_parallax_layout_speed&quot;:{&quot;unit&quot;:&quot;%&quot;,&quot;size&quot;:50,&quot;sizes&quot;:[]},&quot;jet_parallax_layout_type&quot;:&quot;scroll&quot;,&quot;jet_parallax_layout_direction&quot;:null,&quot;jet_parallax_layout_fx_direction&quot;:null,&quot;jet_parallax_layout_z_index&quot;:&quot;&quot;,&quot;jet_parallax_layout_bg_x&quot;:50,&quot;jet_parallax_layout_bg_x_tablet&quot;:&quot;&quot;,&quot;jet_parallax_layout_bg_x_mobile&quot;:&quot;&quot;,&quot;jet_parallax_layout_bg_y&quot;:50,&quot;jet_parallax_layout_bg_y_tablet&quot;:&quot;&quot;,&quot;jet_parallax_layout_bg_y_mobile&quot;:&quot;&quot;,&quot;jet_parallax_layout_bg_size&quot;:&quot;auto&quot;,&quot;jet_parallax_layout_bg_size_tablet&quot;:&quot;&quot;,&quot;jet_parallax_layout_bg_size_mobile&quot;:&quot;&quot;,&quot;jet_parallax_layout_animation_prop&quot;:&quot;transform&quot;,&quot;jet_parallax_layout_on&quot;:[&quot;desktop&quot;,&quot;tablet&quot;]}]}\">\n\t\t\t\t\t\t<div class=\"elementor-container elementor-column-gap-default\">\n\t\t\t\t\t<div class=\"elementor-column elementor-col-100 elementor-top-column elementor-element elementor-element-dfa7b02\" data-id=\"dfa7b02\" data-element_type=\"column\">\n\t\t\t<div class=\"elementor-widget-wrap elementor-element-populated\">\n\t\t\t\t\t\t\t\t<div class=\"elementor-element elementor-element-8f78a9e elementor-view-default elementor-widget elementor-widget-icon\" data-id=\"8f78a9e\" data-element_type=\"widget\" data-widget_type=\"icon.default\">\n\t\t\t\t<div class=\"elementor-widget-container\">\n\t\t\t\t\t<div class=\"elementor-icon-wrapper\">\n\t\t\t<div class=\"elementor-icon\">\n\t\t\t<svg xmlns=\"http:\/\/www.w3.org\/2000\/svg\" width=\"36\" height=\"36\" viewBox=\"0 0 36 36\" fill=\"#CCA776\"><path d=\"M0 17H36V19H0V17Z\"><\/path><\/svg>\t\t\t<\/div>\n\t\t<\/div>\n\t\t\t\t<\/div>\n\t\t\t\t<\/div>\n\t\t\t\t<div class=\"elementor-element elementor-element-d1430f0 elementor-widget elementor-widget-heading\" data-id=\"d1430f0\" data-element_type=\"widget\" data-widget_type=\"heading.default\">\n\t\t\t\t<div class=\"elementor-widget-container\">\n\t\t\t<h2 class=\"elementor-heading-title elementor-size-default\">Bem-vindo ao Website da MJ Advogados<\/h2>\t\t<\/div>\n\t\t\t\t<\/div>\n\t\t\t\t<div class=\"elementor-element elementor-element-b0da23d elementor-widget elementor-widget-heading\" data-id=\"b0da23d\" data-element_type=\"widget\" data-widget_type=\"heading.default\">\n\t\t\t\t<div class=\"elementor-widget-container\">\n\t\t\t<p class=\"elementor-heading-title elementor-size-default\">O escrit\u00f3rio de advocacia <b>MJ Advogados Associados<\/b> com mais de 20 anos de experi\u00eancia, est\u00e1 localizado na zona sudoeste da cidade de S\u00e3o Paulo. Possui profissionais em todas as regi\u00f5es do pa\u00eds.<\/p>\t\t<\/div>\n\t\t\t\t<\/div>\n\t\t\t\t<div class=\"elementor-element elementor-element-c2e5c34 elementor-widget elementor-widget-text-editor\" data-id=\"c2e5c34\" data-element_type=\"widget\" data-widget_type=\"text-editor.default\">\n\t\t\t\t<div class=\"elementor-widget-container\">\n\t\t\t\t\t\t\t<p>Buscando prestar um servi\u00e7o inovador e din\u00e2mico neste mercado, o escrit\u00f3rio oferece um atendimento eficaz, e procura encontrar solu\u00e7\u00f5es jur\u00eddicas \u00e1geis, tanto na \u00e1rea da advocacia contenciosa quanto na preventiva, e, em diversos ramos do direito.<\/p>\t\t\t\t\t\t<\/div>\n\t\t\t\t<\/div>\n\t\t\t\t\t<\/div>\n\t\t<\/div>\n\t\t\t\t\t\t\t<\/div>\n\t\t<\/section>\n\t\t\t\t<section class=\"elementor-section elementor-top-section elementor-element elementor-element-ee78251 elementor-section-boxed elementor-section-height-default elementor-section-height-default\" data-id=\"ee78251\" data-element_type=\"section\" data-settings=\"{&quot;jet_parallax_layout_list&quot;:[{&quot;jet_parallax_layout_image&quot;:{&quot;url&quot;:&quot;&quot;,&quot;id&quot;:&quot;&quot;},&quot;_id&quot;:&quot;81619ae&quot;,&quot;jet_parallax_layout_image_tablet&quot;:{&quot;url&quot;:&quot;&quot;,&quot;id&quot;:&quot;&quot;},&quot;jet_parallax_layout_image_mobile&quot;:{&quot;url&quot;:&quot;&quot;,&quot;id&quot;:&quot;&quot;},&quot;jet_parallax_layout_speed&quot;:{&quot;unit&quot;:&quot;%&quot;,&quot;size&quot;:50,&quot;sizes&quot;:[]},&quot;jet_parallax_layout_type&quot;:&quot;scroll&quot;,&quot;jet_parallax_layout_direction&quot;:null,&quot;jet_parallax_layout_fx_direction&quot;:null,&quot;jet_parallax_layout_z_index&quot;:&quot;&quot;,&quot;jet_parallax_layout_bg_x&quot;:50,&quot;jet_parallax_layout_bg_x_tablet&quot;:&quot;&quot;,&quot;jet_parallax_layout_bg_x_mobile&quot;:&quot;&quot;,&quot;jet_parallax_layout_bg_y&quot;:50,&quot;jet_parallax_layout_bg_y_tablet&quot;:&quot;&quot;,&quot;jet_parallax_layout_bg_y_mobile&quot;:&quot;&quot;,&quot;jet_parallax_layout_bg_size&quot;:&quot;auto&quot;,&quot;jet_parallax_layout_bg_size_tablet&quot;:&quot;&quot;,&quot;jet_parallax_layout_bg_size_mobile&quot;:&quot;&quot;,&quot;jet_parallax_layout_animation_prop&quot;:&quot;transform&quot;,&quot;jet_parallax_layout_on&quot;:[&quot;desktop&quot;,&quot;tablet&quot;]}],&quot;background_background&quot;:&quot;classic&quot;}\">\n\t\t\t\t\t\t<div class=\"elementor-container elementor-column-gap-default\">\n\t\t\t\t\t<div class=\"elementor-column elementor-col-100 elementor-top-column elementor-element elementor-element-92f387b\" data-id=\"92f387b\" data-element_type=\"column\">\n\t\t\t<div class=\"elementor-widget-wrap elementor-element-populated\">\n\t\t\t\t\t\t\t\t<div class=\"elementor-element elementor-element-19f00ec elementor-view-default elementor-widget elementor-widget-icon\" data-id=\"19f00ec\" data-element_type=\"widget\" data-widget_type=\"icon.default\">\n\t\t\t\t<div class=\"elementor-widget-container\">\n\t\t\t\t\t<div class=\"elementor-icon-wrapper\">\n\t\t\t<div class=\"elementor-icon\">\n\t\t\t<svg xmlns=\"http:\/\/www.w3.org\/2000\/svg\" width=\"36\" height=\"36\" viewBox=\"0 0 36 36\" fill=\"#CCA776\"><path d=\"M0 17H36V19H0V17Z\"><\/path><\/svg>\t\t\t<\/div>\n\t\t<\/div>\n\t\t\t\t<\/div>\n\t\t\t\t<\/div>\n\t\t\t\t<div class=\"elementor-element elementor-element-96e95e3 elementor-widget__width-initial elementor-widget elementor-widget-heading\" data-id=\"96e95e3\" data-element_type=\"widget\" data-widget_type=\"heading.default\">\n\t\t\t\t<div class=\"elementor-widget-container\">\n\t\t\t<h2 class=\"elementor-heading-title elementor-size-default\">Sempre valorizamos os tr\u00eas pilares sobre os quais nossa empresa sempre se apoiou:<\/h2>\t\t<\/div>\n\t\t\t\t<\/div>\n\t\t\t\t<section class=\"elementor-section elementor-inner-section elementor-element elementor-element-c28e6ce elementor-section-full_width elementor-section-height-default elementor-section-height-default\" data-id=\"c28e6ce\" data-element_type=\"section\" data-settings=\"{&quot;jet_parallax_layout_list&quot;:[{&quot;jet_parallax_layout_image&quot;:{&quot;url&quot;:&quot;&quot;,&quot;id&quot;:&quot;&quot;},&quot;_id&quot;:&quot;fd1440e&quot;,&quot;jet_parallax_layout_image_tablet&quot;:{&quot;url&quot;:&quot;&quot;,&quot;id&quot;:&quot;&quot;},&quot;jet_parallax_layout_image_mobile&quot;:{&quot;url&quot;:&quot;&quot;,&quot;id&quot;:&quot;&quot;},&quot;jet_parallax_layout_speed&quot;:{&quot;unit&quot;:&quot;%&quot;,&quot;size&quot;:50,&quot;sizes&quot;:[]},&quot;jet_parallax_layout_type&quot;:&quot;scroll&quot;,&quot;jet_parallax_layout_direction&quot;:null,&quot;jet_parallax_layout_fx_direction&quot;:null,&quot;jet_parallax_layout_z_index&quot;:&quot;&quot;,&quot;jet_parallax_layout_bg_x&quot;:50,&quot;jet_parallax_layout_bg_x_tablet&quot;:&quot;&quot;,&quot;jet_parallax_layout_bg_x_mobile&quot;:&quot;&quot;,&quot;jet_parallax_layout_bg_y&quot;:50,&quot;jet_parallax_layout_bg_y_tablet&quot;:&quot;&quot;,&quot;jet_parallax_layout_bg_y_mobile&quot;:&quot;&quot;,&quot;jet_parallax_layout_bg_size&quot;:&quot;auto&quot;,&quot;jet_parallax_layout_bg_size_tablet&quot;:&quot;&quot;,&quot;jet_parallax_layout_bg_size_mobile&quot;:&quot;&quot;,&quot;jet_parallax_layout_animation_prop&quot;:&quot;transform&quot;,&quot;jet_parallax_layout_on&quot;:[&quot;desktop&quot;,&quot;tablet&quot;]}]}\">\n\t\t\t\t\t\t<div class=\"elementor-container elementor-column-gap-default\">\n\t\t\t\t\t<div class=\"elementor-column elementor-col-33 elementor-inner-column elementor-element elementor-element-1724b25\" data-id=\"1724b25\" data-element_type=\"column\">\n\t\t\t<div class=\"elementor-widget-wrap elementor-element-populated\">\n\t\t\t\t\t\t\t\t<div class=\"elementor-element elementor-element-4400f10 elementor-view-framed elementor-shape-circle elementor-position-top elementor-vertical-align-top elementor-widget elementor-widget-icon-box\" data-id=\"4400f10\" data-element_type=\"widget\" data-widget_type=\"icon-box.default\">\n\t\t\t\t<div class=\"elementor-widget-container\">\n\t\t\t\t\t<div class=\"elementor-icon-box-wrapper\">\n\t\t\t\t\t\t<div class=\"elementor-icon-box-icon\">\n\t\t\t\t<span class=\"elementor-icon elementor-animation-\" >\n\t\t\t\t<svg xmlns=\"http:\/\/www.w3.org\/2000\/svg\" id=\"Capa_1\" height=\"512\" viewBox=\"0 0 512 512\" width=\"512\"><g><path d=\"m437.974 181.556c0-100.11-81.633-181.556-181.974-181.556s-181.973 81.446-181.973 181.556c0 57.689 27.108 109.18 69.283 142.46v177.984c0 3.328 1.655 6.438 4.416 8.295 2.76 1.858 6.266 2.223 9.348.969l98.926-40.183 98.928 40.184c1.213.493 2.49.735 3.762.735 1.962 0 3.911-.577 5.585-1.705 2.76-1.858 4.416-4.968 4.416-8.295v-177.984c42.175-33.28 69.283-84.771 69.283-142.46zm-89.283 305.589-88.928-36.122c-2.413-.98-5.113-.98-7.526 0l-88.928 36.122v-149.396c27.164 16.107 58.864 25.364 92.691 25.364s65.527-9.257 92.691-25.364zm-92.691-144.032c-89.313 0-161.974-72.474-161.974-161.557s72.662-161.556 161.974-161.556 161.974 72.474 161.974 161.556-72.661 161.557-161.974 161.557z\"><\/path><path d=\"m256 45.837c-75.004 0-136.025 60.883-136.025 135.719s61.021 135.72 136.025 135.72 136.025-60.884 136.025-135.72-61.02-135.719-136.025-135.719zm0 251.439c-63.977 0-116.025-51.912-116.025-115.72s52.048-115.719 116.025-115.719 116.025 51.912 116.025 115.719c0 63.808-52.048 115.72-116.025 115.72z\"><\/path><path d=\"m309.495 154.8-26.191-4.197-12.107-23.574c-2.939-5.724-8.762-9.28-15.196-9.28s-12.257 3.556-15.196 9.279l-12.107 23.575-26.191 4.197c-6.366 1.021-11.557 5.464-13.546 11.596s-.396 12.776 4.158 17.339l18.691 18.728-4.089 26.125c-.996 6.362 1.62 12.667 6.827 16.456 2.988 2.174 6.501 3.281 10.04 3.281 2.628 0 5.269-.611 7.718-1.849l23.694-11.978 23.695 11.979c5.747 2.905 12.55 2.356 17.758-1.432 5.207-3.789 7.823-10.094 6.827-16.456l-4.089-26.126 18.69-18.728c4.555-4.563 6.148-11.208 4.159-17.34-1.989-6.131-7.179-10.575-13.545-11.595zm-27.046 37.129c-2.254 2.258-3.295 5.458-2.802 8.61l3.995 25.521-23.13-11.693c-1.418-.717-2.965-1.076-4.512-1.076-1.546 0-3.093.358-4.512 1.076l-23.13 11.693 3.995-25.521c.493-3.153-.548-6.352-2.802-8.61l-18.248-18.284 25.559-4.096c3.143-.504 5.859-2.474 7.313-5.306l11.825-23.026 11.825 23.026c1.454 2.832 4.17 4.802 7.313 5.306l25.559 4.096z\"><\/path><\/g><\/svg>\t\t\t\t<\/span>\n\t\t\t<\/div>\n\t\t\t\t\t\t<div class=\"elementor-icon-box-content\">\n\t\t\t\t<h3 class=\"elementor-icon-box-title\">\n\t\t\t\t\t<span  >\n\t\t\t\t\t\tCompromisso com a Excel\u00eancia\t\t\t\t\t<\/span>\n\t\t\t\t<\/h3>\n\t\t\t\t\t\t\t<\/div>\n\t\t<\/div>\n\t\t\t\t<\/div>\n\t\t\t\t<\/div>\n\t\t\t\t\t<\/div>\n\t\t<\/div>\n\t\t\t\t<div class=\"elementor-column elementor-col-33 elementor-inner-column elementor-element elementor-element-3398e5b\" data-id=\"3398e5b\" data-element_type=\"column\">\n\t\t\t<div class=\"elementor-widget-wrap elementor-element-populated\">\n\t\t\t\t\t\t\t\t<div class=\"elementor-element elementor-element-3999281 elementor-view-framed elementor-shape-circle elementor-position-top elementor-vertical-align-top elementor-widget elementor-widget-icon-box\" data-id=\"3999281\" data-element_type=\"widget\" data-widget_type=\"icon-box.default\">\n\t\t\t\t<div class=\"elementor-widget-container\">\n\t\t\t\t\t<div class=\"elementor-icon-box-wrapper\">\n\t\t\t\t\t\t<div class=\"elementor-icon-box-icon\">\n\t\t\t\t<span class=\"elementor-icon elementor-animation-\" >\n\t\t\t\t<svg xmlns=\"http:\/\/www.w3.org\/2000\/svg\" width=\"1024\" height=\"1024\" viewBox=\"0 0 1024 1024\"><title><\/title><g id=\"icomoon-ignore\">\n<\/g><path d=\"M972.032 685.005l-153.6-614.4c-2.918-11.622-13.363-19.405-24.832-19.405-0.205 0-0.358 0-0.563 0h-613.274c-1.485-0.051-2.97 0.051-4.506 0.307-1.69 0.256-3.379 0.717-4.966 1.28-4.403 1.638-8.090 4.352-10.906 7.782-1.587 1.894-2.867 4.045-3.84 6.4-0.563 1.331-0.973 2.714-1.331 4.096l-153.498 613.888c-1.024 4.147-0.973 8.397 0.051 12.39h-0.051c0.819 3.226 8.653 32.461 34.355 61.85 23.91 27.341 68.352 59.955 144.077 59.955s120.115-32.614 144.077-59.955c25.702-29.389 33.587-58.624 34.355-61.85h-0.051c1.024-4.045 1.075-8.294 0.051-12.39l-145.664-582.605h548.813l-145.664 582.605c-1.024 4.147-0.973 8.397 0.051 12.39h-0.051c0.819 3.226 8.653 32.461 34.355 61.85 23.91 27.341 68.352 59.955 144.077 59.955s120.115-32.614 144.077-59.955c25.702-29.389 33.587-58.624 34.355-61.85h-0.051c1.024-4.045 1.075-8.294 0.051-12.39zM179.2 768c-62.157 0-95.488-27.75-112.538-51.2h225.126c-17.050 23.45-50.381 51.2-112.538 51.2zM300.032 665.6h-241.613l120.832-483.226 120.832 483.226zM793.6 182.374l120.832 483.226h-241.613l120.832-483.226zM793.6 768c-62.157 0-95.488-27.75-112.538-51.2h225.126c-17.050 23.45-50.381 51.2-112.538 51.2zM793.6 921.6h-279.552l49.101-638.054c0.256-3.379-0.154-6.81-1.229-10.035l-51.2-153.6c-3.482-10.445-13.261-17.51-24.269-17.51s-20.787 7.066-24.269 17.51l-51.2 153.6c-1.075 3.226-1.485 6.656-1.229 10.035l49.101 638.054h-279.552c-14.131 0-25.6 11.469-25.6 25.6s11.469 25.6 25.6 25.6h614.4c14.131 0 25.6-11.469 25.6-25.6s-11.469-25.6-25.6-25.6zM486.4 208.947l25.293 75.827-25.293 328.602-25.293-328.602 25.293-75.827z\"><\/path><\/svg>\t\t\t\t<\/span>\n\t\t\t<\/div>\n\t\t\t\t\t\t<div class=\"elementor-icon-box-content\">\n\t\t\t\t<h3 class=\"elementor-icon-box-title\">\n\t\t\t\t\t<span  >\n\t\t\t\t\t\tNossa Paix\u00e3o pela Justi\u00e7a\t\t\t\t\t<\/span>\n\t\t\t\t<\/h3>\n\t\t\t\t\t\t\t<\/div>\n\t\t<\/div>\n\t\t\t\t<\/div>\n\t\t\t\t<\/div>\n\t\t\t\t\t<\/div>\n\t\t<\/div>\n\t\t\t\t<div class=\"elementor-column elementor-col-33 elementor-inner-column elementor-element elementor-element-a6e92de\" data-id=\"a6e92de\" data-element_type=\"column\">\n\t\t\t<div class=\"elementor-widget-wrap elementor-element-populated\">\n\t\t\t\t\t\t\t\t<div class=\"elementor-element elementor-element-60ced42 elementor-view-framed elementor-shape-circle elementor-position-top elementor-vertical-align-top elementor-widget elementor-widget-icon-box\" data-id=\"60ced42\" data-element_type=\"widget\" data-widget_type=\"icon-box.default\">\n\t\t\t\t<div class=\"elementor-widget-container\">\n\t\t\t\t\t<div class=\"elementor-icon-box-wrapper\">\n\t\t\t\t\t\t<div class=\"elementor-icon-box-icon\">\n\t\t\t\t<span class=\"elementor-icon elementor-animation-\" >\n\t\t\t\t<svg xmlns=\"http:\/\/www.w3.org\/2000\/svg\" width=\"1024\" height=\"1024\" viewBox=\"0 0 1024 1024\"><title><\/title><g id=\"icomoon-ignore\">\n<\/g><path d=\"M968.499 573.85c22.682-26.163 35.584-69.376 35.584-110.541 0-27.187-5.888-50.995-17.050-68.864-14.541-23.245-37.786-36.045-65.434-36.045h-134.042c72.96-132.659 91.392-232.602 54.784-297.318-25.549-45.107-72.346-61.082-104.704-61.082-12.8 0-23.654 9.472-25.344 22.17-9.165 67.533-60.826 148.122-141.722 221.082-77.517 69.888-172.749 125.747-270.643 159.232-12.339-26.010-38.81-44.032-69.427-44.032h-153.6c-42.342 0-76.8 34.458-76.8 76.8v460.8c0 42.342 34.458 76.8 76.8 76.8h153.6c32.461 0 60.211-20.224 71.475-48.742 100.403 12.595 138.189 32.768 174.797 52.326 45.824 24.474 89.037 47.616 230.554 47.616 36.864 0 71.578-9.626 97.792-27.085 25.6-17.050 41.984-41.011 47.411-68.762 20.429-8.294 38.554-27.443 52.429-55.91 13.517-27.699 22.272-63.078 22.272-90.163 0-5.069-0.307-9.728-0.87-14.029 12.954-9.523 24.576-24.218 34.15-43.571 13.824-27.904 22.118-62.874 22.118-93.491 0-21.709-4.045-39.782-11.981-53.811-0.666-1.126-1.331-2.253-1.997-3.328zM230.4 921.6h-153.6c-14.131 0-25.6-11.469-25.6-25.6v-460.8c0-14.131 11.469-25.6 25.6-25.6h153.6c14.131 0 25.6 11.469 25.6 25.6v460.749c0 0 0 0.051 0 0.051 0 14.131-11.469 25.6-25.6 25.6zM938.957 526.029c-7.731 15.565-15.565 21.197-18.944 21.197-14.131 0-25.6 11.469-25.6 25.6s11.469 25.6 25.6 25.6c2.15 0 3.686 0 5.99 3.994 3.379 5.99 5.325 16.384 5.325 28.57 0 22.784-6.451 49.869-16.794 70.758-10.138 20.429-20.429 27.853-24.934 27.853-14.131 0-25.6 11.469-25.6 25.6 0 9.062 4.71 17.050 11.827 21.606 1.587 16.23-5.99 59.648-25.651 87.962-7.424 10.701-15.258 16.845-21.402 16.845-14.131 0-25.6 11.469-25.6 25.6 0 45.056-49.766 65.587-96 65.587-128.666 0-164.71-19.251-206.438-41.574-39.014-20.838-82.842-44.288-193.587-58.061v-419.174c107.571-35.277 212.582-96.102 297.574-172.698 81.562-73.523 135.117-152.986 153.293-226.611 13.926 4.454 29.645 13.875 39.731 31.642 17.101 30.208 29.901 107.315-76.442 284.518-4.762 7.885-4.864 17.766-0.307 25.805s13.056 13.005 22.272 13.005h178.33c10.189 0 16.742 3.584 22.016 11.981 5.99 9.574 9.267 24.422 9.267 41.728 0 21.709-5.222 45.158-13.926 62.72z\"><\/path><\/svg>\t\t\t\t<\/span>\n\t\t\t<\/div>\n\t\t\t\t\t\t<div class=\"elementor-icon-box-content\">\n\t\t\t\t<h3 class=\"elementor-icon-box-title\">\n\t\t\t\t\t<span  >\n\t\t\t\t\t\tNecessidade de Pre\u00e7os Justos\t\t\t\t\t<\/span>\n\t\t\t\t<\/h3>\n\t\t\t\t\t\t\t<\/div>\n\t\t<\/div>\n\t\t\t\t<\/div>\n\t\t\t\t<\/div>\n\t\t\t\t\t<\/div>\n\t\t<\/div>\n\t\t\t\t\t\t\t<\/div>\n\t\t<\/section>\n\t\t\t\t<div class=\"elementor-element elementor-element-01a8fa4 elementor-widget elementor-widget-text-editor\" data-id=\"01a8fa4\" data-element_type=\"widget\" data-widget_type=\"text-editor.default\">\n\t\t\t\t<div class=\"elementor-widget-container\">\n\t\t\t\t\t\t\t<p>Esses tr\u00eas provaram: Conquistar a confian\u00e7a de nossos clientes conosco; Construa nossa reputa\u00e7\u00e3o em um bom solo: Atraia milhares de indiv\u00edduos e empresas, todos os quais (98%) lidaram com sucesso com seus enigmas jur\u00eddicos com nossa ajuda diligente e oportuna&#8230;<\/p>\t\t\t\t\t\t<\/div>\n\t\t\t\t<\/div>\n\t\t\t\t\t<\/div>\n\t\t<\/div>\n\t\t\t\t\t\t\t<\/div>\n\t\t<\/section>\n\t\t\t\t\t\t<\/div>\n\t\t\t\t\t<\/div>\n\t\t","protected":false},"excerpt":{"rendered":"<p>Sobre N\u00f3s Bem-vindo ao Website da MJ Advogados O escrit\u00f3rio de advocacia MJ Advogados Associados com mais de 20 anos de experi\u00eancia, est\u00e1 localizado na zona sudoeste da cidade de S\u00e3o Paulo. Possui profissionais em todas as regi\u00f5es do pa\u00eds. Buscando prestar um servi\u00e7o inovador e din\u00e2mico neste mercado, o escrit\u00f3rio oferece um atendimento eficaz, [&hellip;]<\/p>\n","protected":false},"author":1,"featured_media":0,"parent":0,"menu_order":0,"comment_status":"closed","ping_status":"closed","template":"elementor_header_footer","meta":[],"_links":{"self":[{"href":"http:\/\/www.mjadvogados.adv.br\/novo\/wp-json\/wp\/v2\/pages\/71"}],"collection":[{"href":"http:\/\/www.mjadvogados.adv.br\/novo\/wp-json\/wp\/v2\/pages"}],"about":[{"href":"http:\/\/www.mjadvogados.adv.br\/novo\/wp-json\/wp\/v2\/types\/page"}],"author":[{"embeddable":true,"href":"http:\/\/www.mjadvogados.adv.br\/novo\/wp-json\/wp\/v2\/users\/1"}],"replies":[{"embeddable":true,"href":"http:\/\/www.mjadvogados.adv.br\/novo\/wp-json\/wp\/v2\/comments?post=71"}],"version-history":[{"count":14,"href":"http:\/\/www.mjadvogados.adv.br\/novo\/wp-json\/wp\/v2\/pages\/71\/revisions"}],"predecessor-version":[{"id":3722,"href":"http:\/\/www.mjadvogados.adv.br\/novo\/wp-json\/wp\/v2\/pages\/71\/revisions\/3722"}],"wp:attachment":[{"href":"http:\/\/www.mjadvogados.adv.br\/novo\/wp-json\/wp\/v2\/media?parent=71"}],"curies":[{"name":"wp","href":"https:\/\/api.w.org\/{rel}","templated":true}]}}